CRAN Package Check Results for Package rgbif

Last updated on 2020-08-06 04:48:16 CEST.

Flavor Version Tinstall Tcheck Ttotal Status Flags
r-devel-linux-x86_64-debian-clang 3.2.0 14.12 129.69 143.81 OK
r-devel-linux-x86_64-debian-gcc 3.2.0 12.53 98.81 111.34 OK
r-devel-linux-x86_64-fedora-clang 3.2.0 178.37 OK
r-devel-linux-x86_64-fedora-gcc 3.2.0 170.66 OK
r-devel-windows-ix86+x86_64 3.2.0 36.00 205.00 241.00 OK
r-patched-linux-x86_64 3.2.0 13.23 128.15 141.38 OK
r-patched-solaris-x86 3.2.0 229.80 NOTE
r-release-linux-x86_64 3.2.0 12.79 129.90 142.69 OK
r-release-macos-x86_64 3.2.0 OK
r-release-windows-ix86+x86_64 3.2.0 35.00 148.00 183.00 OK
r-oldrel-macos-x86_64 3.2.0 OK
r-oldrel-windows-ix86+x86_64 3.2.0 25.00 128.00 153.00 OK

Check Details

Version: 3.2.0
Check: installed package size
Result: NOTE
     installed size is 5.3Mb
     sub-directories of 1Mb or more:
     doc 1.7Mb
     help 2.3Mb
Flavor: r-patched-solaris-x86