CRAN Package Check Results for Package rfordummies

Last updated on 2020-08-03 05:48:58 CEST.

Flavor Version Tinstall Tcheck Ttotal Status Flags
r-devel-linux-x86_64-debian-clang 0.1.4 3.59 48.91 52.50 OK
r-devel-linux-x86_64-debian-gcc 0.1.4 2.93 37.75 40.68 OK
r-devel-linux-x86_64-fedora-clang 0.1.4 68.59 OK
r-devel-linux-x86_64-fedora-gcc 0.1.4 128.05 OK
r-devel-windows-ix86+x86_64 0.1.4 12.00 63.00 75.00 OK
r-patched-linux-x86_64 0.1.4 3.68 47.15 50.83 OK
r-patched-solaris-x86 0.1.4 96.50 NOTE
r-release-linux-x86_64 0.1.4 3.37 47.78 51.15 OK
r-release-macos-x86_64 0.1.4 OK
r-release-windows-ix86+x86_64 0.1.4 13.00 87.00 100.00 OK
r-oldrel-macos-x86_64 0.1.4 OK
r-oldrel-windows-ix86+x86_64 0.1.4 8.00 70.00 78.00 OK

Check Details

Version: 0.1.4
Check: package dependencies
Result: NOTE
    Package suggested but not available for checking: ‘XLConnect’
Flavor: r-patched-solaris-x86