CRAN Package Check Results for Package rfishnet2

Last updated on 2020-10-30 15:49:26 CET.

Flavor Version Tinstall Tcheck Ttotal Status Flags
r-devel-linux-x86_64-debian-clang 0.2.0 4.74 39.75 44.49 OK
r-devel-linux-x86_64-debian-gcc 0.2.0 3.89 30.49 34.38 OK
r-devel-linux-x86_64-fedora-clang 0.2.0 62.84 NOTE
r-devel-linux-x86_64-fedora-gcc 0.2.0 54.63 NOTE
r-devel-windows-ix86+x86_64 0.2.0 13.00 50.00 63.00 OK
r-patched-linux-x86_64 0.2.0 5.25 37.40 42.65 OK
r-patched-solaris-x86 0.2.0 77.70 NOTE
r-release-linux-x86_64 0.2.0 4.19 37.47 41.66 OK
r-release-macos-x86_64 0.2.0 NOTE
r-release-windows-ix86+x86_64 0.2.0 8.00 78.00 86.00 OK
r-oldrel-macos-x86_64 0.2.0 NOTE
r-oldrel-windows-ix86+x86_64 0.2.0 8.00 57.00 65.00 OK

Check Details

Version: 0.2.0
Check: dependencies in R code
Result: NOTE
    Namespace in Imports field not imported from: ‘sf’
     All declared Imports should be used.
Flavors: r-devel-linux-x86_64-fedora-clang, r-devel-linux-x86_64-fedora-gcc, r-patched-solaris-x86, r-release-macos-x86_64, r-oldrel-macos-x86_64