Last updated on 2023-12-09 16:49:31 CET.
Flavor | Version | Tinstall | Tcheck | Ttotal | Status | Flags |
---|---|---|---|---|---|---|
r-devel-linux-x86_64-debian-clang | 1.0.5 | 2.15 | 22.47 | 24.62 | OK | |
r-devel-linux-x86_64-debian-gcc | 1.0.5 | 1.56 | 18.14 | 19.70 | OK | |
r-devel-linux-x86_64-fedora-clang | 1.0.5 | 31.65 | NOTE | |||
r-devel-linux-x86_64-fedora-gcc | 1.0.5 | 29.34 | OK | |||
r-devel-windows-x86_64 | 1.0.5 | 3.00 | 43.00 | 46.00 | OK | |
r-patched-linux-x86_64 | 1.0.5 | 2.05 | 22.78 | 24.83 | OK | |
r-release-linux-x86_64 | 1.0.5 | 2.10 | 22.61 | 24.71 | OK | |
r-release-macos-arm64 | 1.0.5 | 13.00 | OK | |||
r-release-macos-x86_64 | 1.0.5 | 18.00 | OK | |||
r-release-windows-x86_64 | 1.0.5 | 2.00 | 40.00 | 42.00 | OK | |
r-oldrel-macos-arm64 | 1.0.5 | 14.00 | OK | |||
r-oldrel-macos-x86_64 | 1.0.5 | 21.00 | OK | |||
r-oldrel-windows-x86_64 | 1.0.5 | 3.00 | 43.00 | 46.00 | OK |
Version: 1.0.5
Check: Rd cross-references
Result: NOTE
Undeclared package ‘robustbase’ in Rd xrefs
Flavor: r-devel-linux-x86_64-fedora-clang