CRAN Package Check Results for Package reshape

Last updated on 2020-07-15 03:47:00 CEST.

Flavor Version Tinstall Tcheck Ttotal Status Flags
r-devel-linux-x86_64-debian-clang 0.8.8 3.80 32.49 36.29 OK
r-devel-linux-x86_64-debian-gcc 0.8.8 3.15 25.69 28.84 OK
r-devel-linux-x86_64-fedora-clang 0.8.8 52.62 OK
r-devel-linux-x86_64-fedora-gcc 0.8.8 44.99 OK
r-devel-windows-ix86+x86_64 0.8.8 12.00 46.00 58.00 OK
r-patched-linux-x86_64 0.8.8 3.88 32.65 36.53 OK
r-patched-solaris-x86 0.8.8 67.20 OK
r-release-linux-x86_64 0.8.8 3.64 32.78 36.42 OK
r-release-macos-x86_64 0.8.8 ERROR
r-release-windows-ix86+x86_64 0.8.8 12.00 46.00 58.00 OK
r-oldrel-macos-x86_64 0.8.8 OK
r-oldrel-windows-ix86+x86_64 0.8.8 21.00 63.00 84.00 OK

Check Details

Version: 0.8.8
Check: whether package can be installed
Result: ERROR
    Installation failed.
Flavor: r-release-macos-x86_64