CRAN Package Check Results for Package reshape

Last updated on 2024-03-04 16:49:05 CET.

Flavor Version Tinstall Tcheck Ttotal Status Flags
r-devel-linux-x86_64-debian-clang 0.8.9 4.16 40.25 44.41 NOTE
r-devel-linux-x86_64-debian-gcc 0.8.9 3.48 30.89 34.37 NOTE
r-devel-linux-x86_64-fedora-clang 0.8.9 55.74 NOTE
r-devel-linux-x86_64-fedora-gcc 0.8.9 54.22 NOTE
r-devel-windows-x86_64 0.8.9 5.00 58.00 63.00 NOTE
r-patched-linux-x86_64 0.8.9 3.66 40.04 43.70 NOTE
r-release-linux-x86_64 0.8.9 4.40 40.27 44.67 NOTE
r-release-macos-arm64 0.8.9 22.00 NOTE
r-release-macos-x86_64 0.8.9 31.00 NOTE
r-release-windows-x86_64 0.8.9 7.00 61.00 68.00 NOTE
r-oldrel-macos-arm64 0.8.9 24.00 OK
r-oldrel-windows-x86_64 0.8.9 6.00 65.00 71.00 OK

Check Details

Version: 0.8.9
Check: Rd files
Result: NOTE checkRd: (-1) as-data-frame-cast-df-v7.rd:3: Escaped LaTeX specials: \_ checkRd: (-1) as-data-frame-cast-matrix-59.rd:3: Escaped LaTeX specials: \_ checkRd: (-1) as-matrix-cast-df-bu.rd:3: Escaped LaTeX specials: \_ checkRd: (-1) as-matrix-cast-matrix-2y.rd:3: Escaped LaTeX specials: \_ checkRd: (-1) cast-9g.rd:19: Escaped LaTeX specials: \_ \_ checkRd: (-1) cast-9g.rd:41: Escaped LaTeX specials: \_ checkRd: (-1) cast-9g.rd:46: Escaped LaTeX specials: \_ \_ checkRd: (-1) clean-vars-rc.rd:13: Escaped LaTeX specials: \_ checkRd: (-1) expand-kx.rd:15: Escaped LaTeX specials: \_ checkRd: (-1) reshape-4u.rd:17: Escaped LaTeX specials: \_ \_ Flavors: r-devel-linux-x86_64-debian-clang, r-devel-linux-x86_64-debian-gcc, r-devel-linux-x86_64-fedora-clang, r-devel-linux-x86_64-fedora-gcc, r-devel-windows-x86_64, r-patched-linux-x86_64, r-release-linux-x86_64, r-release-macos-arm64, r-release-macos-x86_64, r-release-windows-x86_64