Last updated on 2023-12-01 16:51:42 CET.
Flavor | Version | Tinstall | Tcheck | Ttotal | Status | Flags |
---|---|---|---|---|---|---|
r-devel-linux-x86_64-debian-clang | 0.0.2 | 184.11 | 190.48 | 374.59 | NOTE | |
r-devel-linux-x86_64-debian-gcc | 0.0.2 | 126.62 | 141.35 | 267.97 | NOTE | |
r-devel-linux-x86_64-fedora-clang | 0.0.2 | 492.31 | NOTE | |||
r-devel-linux-x86_64-fedora-gcc | 0.0.2 | 509.81 | NOTE | |||
r-devel-windows-x86_64 | 0.0.2 | 127.00 | 230.00 | 357.00 | NOTE | |
r-patched-linux-x86_64 | 0.0.2 | 124.20 | 187.57 | 311.77 | NOTE | |
r-release-linux-x86_64 | 0.0.2 | 106.39 | 185.71 | 292.10 | NOTE | |
r-release-macos-arm64 | 0.0.2 | 124.00 | NOTE | |||
r-release-macos-x86_64 | 0.0.2 | 444.00 | NOTE | |||
r-release-windows-x86_64 | 0.0.2 | 178.00 | 266.00 | 444.00 | NOTE | |
r-oldrel-macos-arm64 | 0.0.2 | 140.00 | NOTE | |||
r-oldrel-macos-x86_64 | 0.0.2 | 367.00 | NOTE | |||
r-oldrel-windows-x86_64 | 0.0.2 | 162.00 | 244.00 | 406.00 | NOTE |
Version: 0.0.2
Check: for GNU extensions in Makefiles
Result: NOTE
GNU make is a SystemRequirements.
Flavors: r-devel-linux-x86_64-debian-clang, r-devel-linux-x86_64-debian-gcc, r-devel-linux-x86_64-fedora-clang, r-devel-linux-x86_64-fedora-gcc, r-devel-windows-x86_64, r-patched-linux-x86_64, r-release-linux-x86_64, r-release-macos-arm64, r-release-macos-x86_64, r-release-windows-x86_64, r-oldrel-macos-arm64, r-oldrel-macos-x86_64, r-oldrel-windows-x86_64
Version: 0.0.2
Check: installed package size
Result: NOTE
installed size is 16.1Mb
sub-directories of 1Mb or more:
R 2.1Mb
libs 13.5Mb
Flavors: r-release-macos-arm64, r-release-macos-x86_64, r-oldrel-macos-arm64, r-oldrel-macos-x86_64