CRAN Package Check Results for Package reservr

Last updated on 2024-07-19 17:54:38 CEST.

Flavor Version Tinstall Tcheck Ttotal Status Flags
r-devel-linux-x86_64-debian-clang 0.0.3 192.23 243.02 435.25 NOTE
r-devel-linux-x86_64-debian-gcc 0.0.3 114.85 175.74 290.59 NOTE
r-devel-linux-x86_64-fedora-clang 0.0.3 575.03 NOTE
r-devel-linux-x86_64-fedora-gcc 0.0.3 577.63 NOTE
r-devel-windows-x86_64 0.0.3 128.00 306.00 434.00 NOTE
r-patched-linux-x86_64 0.0.3 163.68 230.59 394.27 NOTE
r-release-linux-x86_64 0.0.3 152.12 226.08 378.20 NOTE
r-release-macos-arm64 0.0.3 145.00 NOTE
r-release-macos-x86_64 0.0.3 595.00 NOTE
r-release-windows-x86_64 0.0.3 141.00 293.00 434.00 NOTE
r-oldrel-macos-arm64 0.0.3 149.00 ERROR
r-oldrel-macos-x86_64 0.0.3 484.00 ERROR
r-oldrel-windows-x86_64 0.0.3 179.00 302.00 481.00 NOTE

Check Details

Version: 0.0.3
Check: for GNU extensions in Makefiles
Result: NOTE GNU make is a SystemRequirements. Flavors: r-devel-linux-x86_64-debian-clang, r-devel-linux-x86_64-debian-gcc, r-devel-linux-x86_64-fedora-clang, r-devel-linux-x86_64-fedora-gcc, r-devel-windows-x86_64, r-patched-linux-x86_64, r-release-linux-x86_64, r-release-macos-arm64, r-release-macos-x86_64, r-release-windows-x86_64, r-oldrel-macos-arm64, r-oldrel-macos-x86_64, r-oldrel-windows-x86_64

Version: 0.0.3
Check: installed package size
Result: NOTE installed size is 17.2Mb sub-directories of 1Mb or more: R 2.0Mb doc 1.2Mb libs 13.7Mb Flavors: r-release-macos-arm64, r-release-macos-x86_64, r-oldrel-macos-arm64, r-oldrel-macos-x86_64

Version: 0.0.3
Check: running R code from vignettes
Result: ERROR Errors in running code in vignettes: when running code in ‘jss_paper.Rmd’ ... > sum(is.na(obs$x)) [1] 496 > dist <- dist_normal(sd = 1) > dist$sample(1) When sourcing ‘jss_paper.R’: Error: invalid arguments Execution halted ‘distributions.Rmd’ using ‘UTF-8’... [2s/2s] OK ‘jss_paper.Rmd’ using ‘UTF-8’... failed ‘tensorflow.Rmd’ using ‘UTF-8’... [3s/2s] OK Flavor: r-oldrel-macos-arm64

Version: 0.0.3
Check: running R code from vignettes
Result: ERROR Errors in running code in vignettes: when running code in ‘jss_paper.Rmd’ ... > sum(is.na(obs$x)) [1] 496 > dist <- dist_normal(sd = 1) > dist$sample(1) When sourcing ‘jss_paper.R’: Error: invalid arguments Execution halted ‘distributions.Rmd’ using ‘UTF-8’... [3s/4s] OK ‘jss_paper.Rmd’ using ‘UTF-8’... failed ‘tensorflow.Rmd’ using ‘UTF-8’... [3s/3s] OK Flavor: r-oldrel-macos-x86_64