CRAN Package Check Results for Package repurrrsive

Last updated on 2020-08-09 15:47:55 CEST.

Flavor Version Tinstall Tcheck Ttotal Status Flags
r-devel-linux-x86_64-debian-clang 1.0.0 3.60 39.81 43.41 OK
r-devel-linux-x86_64-debian-gcc 1.0.0 2.85 30.54 33.39 OK
r-devel-linux-x86_64-fedora-clang 1.0.0 59.21 NOTE
r-devel-linux-x86_64-fedora-gcc 1.0.0 49.87 NOTE
r-devel-windows-ix86+x86_64 1.0.0 10.00 69.00 79.00 OK
r-patched-linux-x86_64 1.0.0 3.58 39.83 43.41 OK
r-patched-solaris-x86 1.0.0 77.00 NOTE
r-release-linux-x86_64 1.0.0 3.54 39.07 42.61 OK
r-release-macos-x86_64 1.0.0 NOTE
r-release-windows-ix86+x86_64 1.0.0 16.00 51.00 67.00 OK
r-oldrel-macos-x86_64 1.0.0 NOTE
r-oldrel-windows-ix86+x86_64 1.0.0 8.00 60.00 68.00 OK

Check Details

Version: 1.0.0
Check: data for non-ASCII characters
Result: NOTE
     Note: found 25 marked UTF-8 strings
Flavors: r-devel-linux-x86_64-fedora-clang, r-devel-linux-x86_64-fedora-gcc, r-patched-solaris-x86, r-release-macos-x86_64, r-oldrel-macos-x86_64