CRAN Package Check Results for Package repr

Last updated on 2024-02-28 16:50:45 CET.

Flavor Version Tinstall Tcheck Ttotal Status Flags
r-devel-linux-x86_64-debian-clang 1.1.6 5.06 52.60 57.66 OK
r-devel-linux-x86_64-debian-gcc 1.1.6 4.29 39.50 43.79 OK
r-devel-linux-x86_64-fedora-clang 1.1.6 70.96 NOTE
r-devel-linux-x86_64-fedora-gcc 1.1.6 141.21 OK
r-devel-windows-x86_64 1.1.6 6.00 62.00 68.00 OK
r-patched-linux-x86_64 1.1.6 5.53 50.41 55.94 OK
r-release-linux-x86_64 1.1.6 4.65 50.90 55.55 OK
r-release-macos-arm64 1.1.6 61.00 OK
r-release-macos-x86_64 1.1.6 133.00 OK
r-release-windows-x86_64 1.1.6 7.00 66.00 73.00 OK
r-oldrel-macos-arm64 1.1.6 79.00 OK
r-oldrel-windows-x86_64 1.1.6 7.00 70.00 77.00 OK

Check Details

Version: 1.1.6
Check: Rd cross-references
Result: NOTE Undeclared package ‘ggplot2’ in Rd xrefs Flavor: r-devel-linux-x86_64-fedora-clang