Last updated on 2023-12-07 04:56:34 CET.
Flavor | Version | Tinstall | Tcheck | Ttotal | Status | Flags |
---|---|---|---|---|---|---|
r-devel-linux-x86_64-debian-clang | 1.1.3 | 16.55 | 229.59 | 246.14 | NOTE | |
r-devel-linux-x86_64-debian-gcc | 1.1.3 | 12.92 | 145.08 | 158.00 | NOTE | |
r-devel-linux-x86_64-fedora-clang | 1.1.3 | 300.35 | OK | |||
r-devel-linux-x86_64-fedora-gcc | 1.1.3 | 279.68 | OK | |||
r-devel-windows-x86_64 | 1.1.3 | 15.00 | 147.00 | 162.00 | OK | |
r-patched-linux-x86_64 | 1.1.3 | 14.21 | 203.97 | 218.18 | OK | |
r-release-linux-x86_64 | 1.1.3 | 15.08 | 199.67 | 214.75 | OK | |
r-release-macos-arm64 | 1.1.3 | 84.00 | OK | |||
r-release-macos-x86_64 | 1.1.3 | 135.00 | OK | |||
r-release-windows-x86_64 | 1.1.3 | 19.00 | 191.00 | 210.00 | OK | |
r-oldrel-macos-arm64 | 1.1.3 | 77.00 | OK | |||
r-oldrel-macos-x86_64 | 1.1.3 | 102.00 | OK | |||
r-oldrel-windows-x86_64 | 1.1.3 | 20.00 | 185.00 | 205.00 | OK |
Version: 1.1.3
Check: Rd files
Result: NOTE
checkRd: (-1) method.A.Rd:200-205: Lost braces in \itemize; \value handles \item{}{} directly
checkRd: (-1) method.A.Rd:206-211: Lost braces in \itemize; \value handles \item{}{} directly
checkRd: (-1) method.A.Rd:231-236: Lost braces in \itemize; \value handles \item{}{} directly
checkRd: (-1) method.A.Rd:237-242: Lost braces in \itemize; \value handles \item{}{} directly
checkRd: (-1) method.B.Rd:201-206: Lost braces in \itemize; \value handles \item{}{} directly
checkRd: (-1) method.B.Rd:207-212: Lost braces in \itemize; \value handles \item{}{} directly
checkRd: (-1) method.B.Rd:232-237: Lost braces in \itemize; \value handles \item{}{} directly
checkRd: (-1) method.B.Rd:238-243: Lost braces in \itemize; \value handles \item{}{} directly
Flavors: r-devel-linux-x86_64-debian-clang, r-devel-linux-x86_64-debian-gcc