Last updated on 2023-12-10 16:51:24 CET.
Flavor | Version | Tinstall | Tcheck | Ttotal | Status | Flags |
---|---|---|---|---|---|---|
r-devel-linux-x86_64-debian-clang | 1.2-1 | 10.86 | 53.83 | 64.69 | NOTE | |
r-devel-linux-x86_64-debian-gcc | 1.2-1 | 8.74 | 39.48 | 48.22 | NOTE | |
r-devel-linux-x86_64-fedora-clang | 1.2-1 | 77.44 | OK | |||
r-devel-linux-x86_64-fedora-gcc | 1.2-1 | 76.30 | OK | |||
r-devel-windows-x86_64 | 1.2-1 | 12.00 | 62.00 | 74.00 | OK | |
r-patched-linux-x86_64 | 1.2-1 | 12.02 | 51.50 | 63.52 | OK | |
r-release-linux-x86_64 | 1.2-1 | 9.02 | 50.29 | 59.31 | OK | |
r-release-macos-arm64 | 1.2-1 | 28.00 | OK | |||
r-release-macos-x86_64 | 1.2-1 | 40.00 | OK | |||
r-release-windows-x86_64 | 1.2-1 | 15.00 | 64.00 | 79.00 | OK | |
r-oldrel-macos-arm64 | 1.2-1 | 23.00 | OK | |||
r-oldrel-macos-x86_64 | 1.2-1 | 33.00 | OK | |||
r-oldrel-windows-x86_64 | 1.2-1 | 14.00 | 67.00 | 81.00 | OK |
Version: 1.2-1
Check: Rd files
Result: NOTE
checkRd: (-1) rem.dyad.Rd:121: Lost braces; missing escapes or markup?
121 | \item Single or multiple covariates, time varying: For \code{CovSnd}, \code{CovRec}, or \code{CovInt}, an \code{m} by \code{p} by {n} array whose respective dimensions index time (i.e., event number), covariate, and actor. For \code{CovEvent}, a \code{m} by \code{p} by \code{n} by \code{n} array, whose dimensions are analogous to the previous case.
| ^
Flavors: r-devel-linux-x86_64-debian-clang, r-devel-linux-x86_64-debian-gcc