CRAN Package Check Results for Package reinsureR

Last updated on 2024-03-03 16:50:07 CET.

Flavor Version Tinstall Tcheck Ttotal Status Flags
r-devel-linux-x86_64-debian-clang 0.1.0 10.50 57.55 68.05 NOTE
r-devel-linux-x86_64-debian-gcc 0.1.0 7.90 43.97 51.87 NOTE
r-devel-linux-x86_64-fedora-clang 0.1.0 87.24 NOTE
r-devel-linux-x86_64-fedora-gcc 0.1.0 80.23 NOTE
r-devel-windows-x86_64 0.1.0 10.00 65.00 75.00 NOTE
r-patched-linux-x86_64 0.1.0 7.48 56.48 63.96 NOTE
r-release-linux-x86_64 0.1.0 6.21 56.49 62.70 NOTE
r-release-macos-arm64 0.1.0 29.00 NOTE
r-release-macos-x86_64 0.1.0 44.00 NOTE
r-release-windows-x86_64 0.1.0 13.00 73.00 86.00 NOTE
r-oldrel-macos-arm64 0.1.0 30.00 NOTE
r-oldrel-windows-x86_64 0.1.0 14.00 75.00 89.00 NOTE

Check Details

Version: 0.1.0
Check: LazyData
Result: NOTE 'LazyData' is specified without a 'data' directory Flavors: r-devel-linux-x86_64-debian-clang, r-devel-linux-x86_64-debian-gcc, r-devel-linux-x86_64-fedora-clang, r-devel-linux-x86_64-fedora-gcc, r-devel-windows-x86_64, r-patched-linux-x86_64, r-release-linux-x86_64, r-release-macos-arm64, r-release-macos-x86_64, r-release-windows-x86_64, r-oldrel-macos-arm64, r-oldrel-windows-x86_64