Last updated on 2023-12-06 16:53:23 CET.
Flavor | Version | Tinstall | Tcheck | Ttotal | Status | Flags |
---|---|---|---|---|---|---|
r-devel-linux-x86_64-debian-clang | 1.0.0 | 10.31 | 241.15 | 251.46 | OK | |
r-devel-linux-x86_64-debian-gcc | 1.0.0 | 8.21 | 181.12 | 189.33 | OK | |
r-devel-linux-x86_64-fedora-clang | 1.0.0 | 303.71 | NOTE | |||
r-devel-linux-x86_64-fedora-gcc | 1.0.0 | 315.77 | NOTE | |||
r-devel-windows-x86_64 | 1.0.0 | 10.00 | 189.00 | 199.00 | OK | |
r-patched-linux-x86_64 | 1.0.0 | 10.73 | 230.53 | 241.26 | OK | |
r-release-linux-x86_64 | 1.0.0 | 8.85 | 230.50 | 239.35 | OK | |
r-release-macos-arm64 | 1.0.0 | 117.00 | OK | |||
r-release-macos-x86_64 | 1.0.0 | 183.00 | OK | |||
r-release-windows-x86_64 | 1.0.0 | 14.00 | 254.00 | 268.00 | OK | |
r-oldrel-macos-arm64 | 1.0.0 | 67.00 | NOTE | |||
r-oldrel-macos-x86_64 | 1.0.0 | 103.00 | NOTE | |||
r-oldrel-windows-x86_64 | 1.0.0 | 14.00 | 240.00 | 254.00 | OK |
Version: 1.0.0
Check: dependencies in R code
Result: NOTE
Namespace in Imports field not imported from: ‘Deriv’
All declared Imports should be used.
Flavors: r-devel-linux-x86_64-fedora-clang, r-devel-linux-x86_64-fedora-gcc, r-oldrel-macos-arm64, r-oldrel-macos-x86_64