Last updated on 2023-12-10 04:56:09 CET.
Flavor | Version | Tinstall | Tcheck | Ttotal | Status | Flags |
---|---|---|---|---|---|---|
r-devel-linux-x86_64-debian-clang | 2.1.0 | 62.00 | 87.07 | 149.07 | NOTE | |
r-devel-linux-x86_64-debian-gcc | 2.1.0 | 45.12 | 69.30 | 114.42 | NOTE | |
r-devel-linux-x86_64-fedora-clang | 2.1.0 | 205.05 | NOTE | |||
r-devel-linux-x86_64-fedora-gcc | 2.1.0 | 211.74 | NOTE | |||
r-devel-windows-x86_64 | 2.1.0 | 47.00 | 111.00 | 158.00 | NOTE | |
r-patched-linux-x86_64 | 2.1.0 | 52.51 | 88.14 | 140.65 | NOTE | |
r-release-linux-x86_64 | 2.1.0 | 48.13 | 87.80 | 135.93 | NOTE | |
r-release-macos-arm64 | 2.1.0 | 85.00 | NOTE | |||
r-release-macos-x86_64 | 2.1.0 | 98.00 | NOTE | |||
r-release-windows-x86_64 | 2.1.0 | 59.00 | 129.00 | 188.00 | NOTE | |
r-oldrel-macos-arm64 | 2.1.0 | 61.00 | OK | |||
r-oldrel-macos-x86_64 | 2.1.0 | 73.00 | OK | |||
r-oldrel-windows-x86_64 | 2.1.0 | 57.00 | 132.00 | 189.00 | OK |
Version: 2.1.0
Check: C++ specification
Result: NOTE
Specified C++11: please drop specification unless essential
Flavors: r-devel-linux-x86_64-debian-clang, r-devel-linux-x86_64-debian-gcc, r-devel-linux-x86_64-fedora-clang, r-devel-linux-x86_64-fedora-gcc, r-devel-windows-x86_64, r-patched-linux-x86_64, r-release-linux-x86_64, r-release-macos-arm64, r-release-macos-x86_64, r-release-windows-x86_64