CRAN Package Check Results for Package regDIF

Last updated on 2024-02-23 05:07:29 CET.

Flavor Version Tinstall Tcheck Ttotal Status Flags
r-devel-linux-x86_64-debian-clang 1.1.0 NOTE
r-devel-linux-x86_64-debian-gcc 1.1.0 9.69 90.00 99.69 NOTE
r-devel-linux-x86_64-fedora-clang 1.1.0 166.38 NOTE
r-devel-linux-x86_64-fedora-gcc 1.1.1 219.42 OK
r-devel-windows-x86_64 1.1.0 13.00 143.00 156.00 NOTE
r-patched-linux-x86_64 1.1.0 14.95 124.85 139.80 NOTE
r-release-linux-x86_64 1.1.0 9.37 124.26 133.63 NOTE
r-release-macos-arm64 1.1.0 60.00 NOTE
r-release-macos-x86_64 1.1.1 181.00 OK
r-release-windows-x86_64 1.1.0 17.00 148.00 165.00 NOTE
r-oldrel-macos-arm64 1.1.0 47.00 OK
r-oldrel-windows-x86_64 1.1.0 15.00 141.00 156.00 OK

Check Details

Version: 1.1.0
Check: package namespace information
Result: NOTE Found export directive that requires package ‘methods’: ‘exportMethods’ Remove all such namespace directives (if obsolete) or ensure that the DESCRIPTION Depends or Imports field contains ‘methods’. Flavors: r-devel-linux-x86_64-debian-clang, r-devel-linux-x86_64-debian-gcc, r-devel-linux-x86_64-fedora-clang, r-devel-windows-x86_64

Version: 1.1.0
Check: C++ specification
Result: NOTE Specified C++11: please drop specification unless essential Flavors: r-devel-linux-x86_64-debian-clang, r-devel-linux-x86_64-debian-gcc, r-devel-linux-x86_64-fedora-clang, r-devel-windows-x86_64, r-patched-linux-x86_64, r-release-linux-x86_64, r-release-macos-arm64, r-release-windows-x86_64

Version: 1.1.0
Check: Rd \usage sections
Result: NOTE Documented arguments not in \usage in Rd file 'Estep.Rd': ‘adaptive_quad’ Documented arguments not in \usage in Rd file 'd_bernoulli.Rd': ‘pred.data’ ‘num.quad’ Functions with \usage entries need to have the appropriate \alias entries, and all their arguments documented. The \usage entries must correspond to syntactically valid R code. See chapter ‘Writing R documentation files’ in the ‘Writing R Extensions’ manual. Flavors: r-devel-linux-x86_64-debian-clang, r-devel-linux-x86_64-debian-gcc, r-devel-linux-x86_64-fedora-clang, r-devel-windows-x86_64