CRAN Package Check Results for Package recipes

Last updated on 2024-06-13 16:49:22 CEST.

Flavor Version Tinstall Tcheck Ttotal Status Flags
r-devel-linux-x86_64-debian-clang 1.0.10 28.46 499.33 527.79 OK
r-devel-linux-x86_64-debian-gcc 1.0.10 0.89 1.92 2.81 ERROR
r-devel-linux-x86_64-fedora-clang 1.0.10 677.90 NOTE
r-devel-linux-x86_64-fedora-gcc 1.0.10 645.19 OK
r-devel-windows-x86_64 1.0.10 24.00 386.00 410.00 OK
r-patched-linux-x86_64 1.0.10 43.62 495.28 538.90 OK
r-release-linux-x86_64 1.0.10 26.81 473.13 499.94 OK
r-release-macos-arm64 1.0.10 172.00 OK
r-release-macos-x86_64 1.0.10 282.00 OK
r-release-windows-x86_64 1.0.10 27.00 398.00 425.00 OK
r-oldrel-macos-arm64 1.0.10 177.00 OK
r-oldrel-macos-x86_64 1.0.10 438.00 OK
r-oldrel-windows-x86_64 1.0.10 36.00 488.00 524.00 OK

Check Details

Version: 1.0.10
Check: package dependencies
Result: ERROR Packages required but not available: 'dplyr', 'clock', 'hardhat', 'lubridate', 'purrr', 'tibble', 'tidyr', 'tidyselect', 'vctrs' Packages suggested but not available for checking: 'dials', 'ggplot2', 'igraph', 'modeldata', 'parsnip', 'rsample', 'testthat', 'workflows' See section ‘The DESCRIPTION file’ in the ‘Writing R Extensions’ manual. Flavor: r-devel-linux-x86_64-debian-gcc

Version: 1.0.10
Check: Rd cross-references
Result: NOTE Undeclared packages ‘fastICA’, ‘dimRed’ in Rd xrefs Flavor: r-devel-linux-x86_64-fedora-clang