Last updated on 2023-06-09 04:53:11 CEST.
Flavor | Version | Tinstall | Tcheck | Ttotal | Status | Flags |
---|---|---|---|---|---|---|
r-devel-linux-x86_64-debian-clang | 1.0.6 | 25.83 | 476.74 | 502.57 | OK | |
r-devel-linux-x86_64-debian-gcc | 1.0.6 | 25.23 | 358.11 | 383.34 | OK | |
r-devel-linux-x86_64-fedora-clang | 1.0.6 | 613.68 | NOTE | |||
r-devel-linux-x86_64-fedora-gcc | 1.0.6 | 614.83 | OK | |||
r-devel-windows-x86_64 | 1.0.6 | 27.00 | 378.00 | 405.00 | OK | |
r-patched-linux-x86_64 | 1.0.6 | 40.17 | 452.57 | 492.74 | OK | |
r-release-linux-x86_64 | 1.0.6 | 26.10 | 454.56 | 480.66 | OK | |
r-release-macos-arm64 | 1.0.6 | 175.00 | OK | |||
r-release-macos-x86_64 | 1.0.5 | 184.00 | NOTE | |||
r-release-windows-x86_64 | 1.0.6 | 35.00 | 511.00 | 546.00 | OK | |
r-oldrel-macos-arm64 | 1.0.6 | 153.00 | OK | |||
r-oldrel-macos-x86_64 | 1.0.6 | 209.00 | OK | |||
r-oldrel-windows-x86_64 | 1.0.6 | 34.00 | 473.00 | 507.00 | OK |
Version: 1.0.6
Check: Rd cross-references
Result: NOTE
Undeclared packages ‘fastICA’, ‘dimRed’ in Rd xrefs
Flavor: r-devel-linux-x86_64-fedora-clang
Version: 1.0.5
Check: package dependencies
Result: NOTE
Packages suggested but not available for checking:
'dials', 'parsnip', 'workflows'
Flavor: r-release-macos-x86_64
Version: 1.0.5
Check: Rd cross-references
Result: NOTE
Packages unavailable to check Rd xrefs: ‘parsnip’, ‘workflows’
Flavor: r-release-macos-x86_64