CRAN Package Check Results for Package readxl

Last updated on 2020-07-15 03:47:00 CEST.

Flavor Version Tinstall Tcheck Ttotal Status Flags
r-devel-linux-x86_64-debian-clang 1.3.1 65.32 42.50 107.82 OK
r-devel-linux-x86_64-debian-gcc 1.3.1 52.80 33.47 86.27 OK
r-devel-linux-x86_64-fedora-clang 1.3.1 157.03 NOTE
r-devel-linux-x86_64-fedora-gcc 1.3.1 144.81 OK
r-devel-windows-ix86+x86_64 1.3.1 181.00 103.00 284.00 OK
r-patched-linux-x86_64 1.3.1 59.03 42.52 101.55 OK
r-patched-solaris-x86 1.3.1 141.60 OK
r-release-linux-x86_64 1.3.1 54.24 42.38 96.62 OK
r-release-macos-x86_64 1.3.1 ERROR
r-release-windows-ix86+x86_64 1.3.1 173.00 142.00 315.00 OK
r-oldrel-macos-x86_64 1.3.1 OK
r-oldrel-windows-ix86+x86_64 1.3.1 161.00 120.00 281.00 OK

Check Details

Version: 1.3.1
Check: installed package size
Result: NOTE
     installed size is 6.0Mb
     sub-directories of 1Mb or more:
     libs 4.6Mb
Flavor: r-devel-linux-x86_64-fedora-clang

Version: 1.3.1
Check: whether package can be installed
Result: ERROR
    Installation failed.
Flavor: r-release-macos-x86_64