CRAN Package Check Results for Package readwritesqlite

Last updated on 2024-07-21 16:52:20 CEST.

Flavor Version Tinstall Tcheck Ttotal Status Flags
r-devel-linux-x86_64-debian-clang 0.2.0 4.93 133.06 137.99 OK
r-devel-linux-x86_64-debian-gcc 0.2.0 5.21 96.39 101.60 NOTE
r-devel-linux-x86_64-fedora-clang 0.2.0 172.37 OK
r-devel-linux-x86_64-fedora-gcc 0.2.0 183.71 OK
r-devel-windows-x86_64 0.2.0 7.00 111.00 118.00 NOTE
r-patched-linux-x86_64 0.2.0 11.54 125.75 137.29 OK
r-release-linux-x86_64 0.2.0 5.86 122.96 128.82 OK
r-release-macos-arm64 0.2.0 53.00 OK
r-release-macos-x86_64 0.2.0 90.00 OK
r-release-windows-x86_64 0.2.0 7.00 109.00 116.00 OK
r-oldrel-macos-arm64 0.2.0 54.00 OK
r-oldrel-macos-x86_64 0.2.0 93.00 OK
r-oldrel-windows-x86_64 0.2.0 9.00 131.00 140.00 OK

Check Details

Version: 0.2.0
Check: Rd cross-references
Result: NOTE Found the following Rd file(s) with Rd \link{} targets missing package anchors: rws_connect.Rd: SQLiteConnection-class rws_describe_meta.Rd: SQLiteConnection-class rws_describe_meta.character.Rd: SQLiteConnection-class rws_describe_meta.data.frame.Rd: SQLiteConnection-class rws_disconnect.Rd: SQLiteConnection-class rws_drop_table.Rd: SQLiteConnection-class rws_export_gpkg.Rd: SQLiteConnection-class rws_list_tables.Rd: SQLiteConnection-class rws_query.Rd: SQLiteConnection-class rws_read.SQLiteConnection.Rd: SQLiteConnection-class rws_read.character.Rd: SQLiteConnection-class rws_read_init.Rd: SQLiteConnection-class rws_read_log.Rd: SQLiteConnection-class rws_read_meta.Rd: SQLiteConnection-class rws_read_table.Rd: SQLiteConnection-class rws_rename_column.Rd: SQLiteConnection-class rws_rename_table.Rd: SQLiteConnection-class rws_write.Rd: SQLiteConnection-class rws_write.data.frame.Rd: SQLiteConnection-class rws_write.environment.Rd: SQLiteConnection-class rws_write.list.Rd: SQLiteConnection-class Please provide package anchors for all Rd \link{} targets not in the package itself and the base packages. Flavors: r-devel-linux-x86_64-debian-gcc, r-devel-windows-x86_64