CRAN Package Check Results for Package readr

Last updated on 2020-07-12 15:49:10 CEST.

Flavor Version Tinstall Tcheck Ttotal Status Flags
r-devel-linux-x86_64-debian-clang 1.3.1 266.15 62.81 328.96 NOTE
r-devel-linux-x86_64-debian-gcc 1.3.1 204.82 48.04 252.86 NOTE
r-devel-linux-x86_64-fedora-clang 1.3.1 468.78 NOTE
r-devel-linux-x86_64-fedora-gcc 1.3.1 431.98 NOTE
r-devel-windows-ix86+x86_64 1.3.1 788.00 128.00 916.00 NOTE
r-patched-linux-x86_64 1.3.1 206.47 61.18 267.65 NOTE
r-patched-solaris-x86 1.3.1 421.80 WARN
r-release-linux-x86_64 1.3.1 207.88 61.30 269.18 NOTE
r-release-macos-x86_64 1.3.1 NOTE
r-release-windows-ix86+x86_64 1.3.1 784.00 181.00 965.00 NOTE
r-oldrel-macos-x86_64 1.3.1 NOTE
r-oldrel-windows-ix86+x86_64 1.3.1 740.00 119.00 859.00 NOTE

Check Details

Version: 1.3.1
Check: for GNU extensions in Makefiles
Result: NOTE
    GNU make is a SystemRequirements.
Flavors: r-devel-linux-x86_64-debian-clang, r-devel-linux-x86_64-debian-gcc, r-devel-linux-x86_64-fedora-clang, r-devel-linux-x86_64-fedora-gcc, r-devel-windows-ix86+x86_64, r-patched-linux-x86_64, r-patched-solaris-x86, r-release-linux-x86_64, r-release-macos-x86_64, r-release-windows-ix86+x86_64, r-oldrel-macos-x86_64, r-oldrel-windows-ix86+x86_64

Version: 1.3.1
Check: installed package size
Result: NOTE
     installed size is 11.4Mb
     sub-directories of 1Mb or more:
     libs 10.6Mb
Flavor: r-devel-linux-x86_64-fedora-clang

Version: 1.3.1
Check: for unstated dependencies in ‘tests’
Result: WARN
    Warning in deparse(e[[2L]]) :
     it is not known that wchar_t is Unicode on this platform
    Warning in deparse(e[[2L]]) :
     it is not known that wchar_t is Unicode on this platform
    Warning in deparse(e[[2L]]) :
     it is not known that wchar_t is Unicode on this platform
    Warning in deparse(e[[2L]]) :
     it is not known that wchar_t is Unicode on this platform
Flavor: r-patched-solaris-x86