Last updated on 2023-09-28 05:56:58 CEST.
Flavor | Version | Tinstall | Tcheck | Ttotal | Status | Flags |
---|---|---|---|---|---|---|
r-devel-linux-x86_64-debian-clang | 2.8.3 | 3.04 | 33.69 | 36.73 | OK | |
r-devel-linux-x86_64-debian-gcc | 2.8.3 | 3.01 | 26.35 | 29.36 | OK | |
r-devel-linux-x86_64-fedora-clang | 2.8.3 | 46.02 | NOTE | |||
r-devel-linux-x86_64-fedora-gcc | 2.8.3 | 45.45 | OK | |||
r-devel-windows-x86_64 | 2.8.3 | 7.00 | 48.00 | 55.00 | OK | |
r-patched-linux-x86_64 | 2.8.3 | 2.99 | 33.63 | 36.62 | OK | |
r-release-linux-x86_64 | 2.8.3 | 3.43 | 33.31 | 36.74 | OK | |
r-release-macos-arm64 | 2.8.3 | 21.00 | OK | |||
r-release-macos-x86_64 | 2.8.3 | 45.00 | OK | |||
r-release-windows-x86_64 | 2.8.3 | 8.00 | 47.00 | 55.00 | OK | |
r-oldrel-macos-arm64 | 2.8.3 | 22.00 | OK | |||
r-oldrel-macos-x86_64 | 2.8.3 | 33.00 | OK | |||
r-oldrel-windows-x86_64 | 2.8.3 | 8.00 | 51.00 | 59.00 | OK |
Version: 2.8.3
Check: Rd cross-references
Result: NOTE
Undeclared package ‘MALDIquantForeign’ in Rd xrefs
Flavor: r-devel-linux-x86_64-fedora-clang