CRAN Package Check Results for Package re2

Last updated on 2024-02-25 04:51:15 CET.

Flavor Version Tinstall Tcheck Ttotal Status Flags
r-devel-linux-x86_64-debian-clang 0.1.3 212.09 40.46 252.55 OK
r-devel-linux-x86_64-debian-gcc 0.1.3 162.30 30.62 192.92 OK
r-devel-linux-x86_64-fedora-clang 0.1.3 400.71 OK
r-devel-linux-x86_64-fedora-gcc 0.1.3 410.38 OK
r-devel-windows-x86_64 0.1.3 163.00 85.00 248.00 OK
r-patched-linux-x86_64 0.1.3 204.52 39.44 243.96 OK
r-release-linux-x86_64 0.1.3 204.46 38.52 242.98 OK
r-release-macos-arm64 0.1.3 108.00 NOTE
r-release-macos-x86_64 0.1.3 125.00 NOTE
r-release-windows-x86_64 0.1.3 161.00 92.00 253.00 OK
r-oldrel-macos-arm64 0.1.3 78.00 NOTE
r-oldrel-windows-x86_64 0.1.3 189.00 81.00 270.00 OK

Check Details

Version: 0.1.3
Check: installed package size
Result: NOTE installed size is 8.9Mb sub-directories of 1Mb or more: libs 8.6Mb Flavors: r-release-macos-arm64, r-release-macos-x86_64, r-oldrel-macos-arm64