CRAN Package Check Results for Package re2

Last updated on 2025-01-15 04:49:00 CET.

Flavor Version Tinstall Tcheck Ttotal Status Flags
r-devel-linux-x86_64-debian-clang 0.1.3 108.88 32.84 141.72 OK
r-devel-linux-x86_64-debian-gcc 0.1.3 83.25 26.22 109.47 OK
r-devel-linux-x86_64-fedora-clang 0.1.3 318.68 OK
r-devel-linux-x86_64-fedora-gcc 0.1.3 336.54 OK
r-devel-windows-x86_64 0.1.3 133.00 92.00 225.00 OK
r-patched-linux-x86_64 0.1.3 119.05 31.57 150.62 OK
r-release-linux-x86_64 0.1.3 117.72 31.83 149.55 OK
r-release-macos-arm64 0.1.3 72.00 NOTE
r-release-macos-x86_64 0.1.3 81.00 NOTE
r-release-windows-x86_64 0.1.3 128.00 83.00 211.00 OK
r-oldrel-macos-arm64 0.1.3 108.00 NOTE
r-oldrel-macos-x86_64 0.1.3 125.00 NOTE
r-oldrel-windows-x86_64 0.1.3 121.00 90.00 211.00 OK

Check Details

Version: 0.1.3
Check: installed package size
Result: NOTE installed size is 8.9Mb sub-directories of 1Mb or more: libs 8.6Mb Flavors: r-release-macos-arm64, r-release-macos-x86_64, r-oldrel-macos-arm64, r-oldrel-macos-x86_64