CRAN Package Check Results for Package rdoc

Last updated on 2020-08-13 15:51:17 CEST.

Flavor Version Tinstall Tcheck Ttotal Status Flags
r-devel-linux-x86_64-debian-clang 0.1.0 4.01 38.85 42.86 OK
r-devel-linux-x86_64-debian-gcc 0.1.0 3.14 29.14 32.28 OK
r-devel-linux-x86_64-fedora-clang 0.1.0 58.30 NOTE
r-devel-linux-x86_64-fedora-gcc 0.1.0 49.75 NOTE
r-devel-windows-ix86+x86_64 0.1.0 10.00 68.00 78.00 OK
r-patched-linux-x86_64 0.1.0 4.44 40.24 44.68 OK
r-patched-solaris-x86 0.1.0 70.90 NOTE
r-release-linux-x86_64 0.1.0 3.83 38.52 42.35 OK
r-release-macos-x86_64 0.1.0 NOTE
r-release-windows-ix86+x86_64 0.1.0 11.00 59.00 70.00 OK
r-oldrel-macos-x86_64 0.1.0 NOTE
r-oldrel-windows-ix86+x86_64 0.1.0 7.00 65.00 72.00 OK

Check Details

Version: 0.1.0
Check: dependencies in R code
Result: NOTE
    Namespace in Imports field not imported from: ‘R6’
     All declared Imports should be used.
Flavors: r-devel-linux-x86_64-fedora-clang, r-devel-linux-x86_64-fedora-gcc, r-patched-solaris-x86, r-release-macos-x86_64, r-oldrel-macos-x86_64