Last updated on 2023-12-06 03:50:10 CET.
Flavor | Version | Tinstall | Tcheck | Ttotal | Status | Flags |
---|---|---|---|---|---|---|
r-devel-linux-x86_64-debian-clang | 1.1.3 | 24.48 | 170.44 | 194.92 | NOTE | |
r-devel-linux-x86_64-debian-gcc | 1.1.3 | 23.46 | 124.52 | 147.98 | NOTE | |
r-devel-linux-x86_64-fedora-clang | 1.1.3 | 243.76 | OK | |||
r-devel-linux-x86_64-fedora-gcc | 1.1.3 | 245.27 | OK | |||
r-devel-windows-x86_64 | 1.1.3 | 22.00 | 147.00 | 169.00 | OK | |
r-patched-linux-x86_64 | 1.1.3 | 28.20 | 161.67 | 189.87 | OK | |
r-release-linux-x86_64 | 1.1.3 | 23.71 | 162.11 | 185.82 | OK | |
r-release-macos-arm64 | 1.1.3 | 68.00 | OK | |||
r-release-macos-x86_64 | 1.1.3 | 106.00 | OK | |||
r-release-windows-x86_64 | 1.1.3 | 23.00 | 185.00 | 208.00 | OK | |
r-oldrel-macos-arm64 | 1.1.3 | 58.00 | OK | |||
r-oldrel-macos-x86_64 | 1.1.3 | 76.00 | OK | |||
r-oldrel-windows-x86_64 | 1.1.3 | 32.00 | 164.00 | 196.00 | OK |
Version: 1.1.3
Check: Rd files
Result: NOTE
checkRd: (-1) DecisionTree.Rd:513: Lost braces; missing escapes or markup?
513 | \item{\code{by}}{One of {"path", "strategy", "run"}. If "path", the table has
| ^
checkRd: (-1) Graph.Rd:303: Lost braces
303 | cell is {\code{FALSE}, \code{TRUE}}.}
| ^
checkRd: (-1) SemiMarkovModel.Rd:39: Lost braces; missing escapes or markup?
39 | nodes {A,B} representing the transition probabilities from A to B and
| ^
Flavors: r-devel-linux-x86_64-debian-clang, r-devel-linux-x86_64-debian-gcc