CRAN Package Check Results for Package rcorpora

Last updated on 2020-10-25 15:48:55 CET.

Flavor Version Tinstall Tcheck Ttotal Status Flags
r-devel-linux-x86_64-debian-clang 2.0.0 4.46 23.33 27.79 OK
r-devel-linux-x86_64-debian-gcc 2.0.0 3.58 18.36 21.94 OK
r-devel-linux-x86_64-fedora-clang 2.0.0 41.63 NOTE
r-devel-linux-x86_64-fedora-gcc 2.0.0 32.36 OK
r-devel-windows-ix86+x86_64 2.0.0 11.00 41.00 52.00 NOTE
r-patched-linux-x86_64 2.0.0 4.88 22.74 27.62 OK
r-patched-solaris-x86 2.0.0 58.00 NOTE
r-release-linux-x86_64 2.0.0 3.75 22.15 25.90 OK
r-release-macos-x86_64 2.0.0 NOTE
r-release-windows-ix86+x86_64 2.0.0 8.00 29.00 37.00 NOTE
r-oldrel-macos-x86_64 2.0.0 NOTE
r-oldrel-windows-ix86+x86_64 2.0.0 8.00 30.00 38.00 NOTE

Check Details

Version: 2.0.0
Check: installed package size
Result: NOTE
     installed size is 7.8Mb
     sub-directories of 1Mb or more:
     corpora 7.6Mb
Flavors: r-devel-linux-x86_64-fedora-clang, r-devel-windows-ix86+x86_64, r-patched-solaris-x86, r-release-macos-x86_64, r-release-windows-ix86+x86_64, r-oldrel-macos-x86_64, r-oldrel-windows-ix86+x86_64