CRAN Package Check Results for Package rbridge

Last updated on 2024-03-01 04:51:52 CET.

Flavor Version Tinstall Tcheck Ttotal Status Flags
r-devel-linux-x86_64-debian-clang 1.0.2 42.98 76.11 119.09 NOTE
r-devel-linux-x86_64-debian-gcc 1.0.2 36.74 57.91 94.65 NOTE
r-devel-linux-x86_64-fedora-clang 1.0.2 158.94 NOTE
r-devel-linux-x86_64-fedora-gcc 1.0.2 167.72 NOTE
r-devel-windows-x86_64 1.0.2 37.00 95.00 132.00 NOTE
r-patched-linux-x86_64 1.0.2 48.14 73.10 121.24 NOTE
r-release-linux-x86_64 1.0.2 46.04 74.65 120.69 NOTE
r-release-macos-arm64 1.0.2 49.00 NOTE
r-release-macos-x86_64 1.0.2 78.00 NOTE
r-release-windows-x86_64 1.0.2 48.00 108.00 156.00 NOTE
r-oldrel-macos-arm64 1.0.2 44.00 NOTE
r-oldrel-windows-x86_64 1.0.2 44.00 104.00 148.00 OK

Check Details

Version: 1.0.2
Check: C++ specification
Result: NOTE Specified C++11: please drop specification unless essential Flavors: r-devel-linux-x86_64-debian-clang, r-devel-linux-x86_64-debian-gcc, r-devel-linux-x86_64-fedora-clang, r-devel-linux-x86_64-fedora-gcc, r-devel-windows-x86_64, r-patched-linux-x86_64, r-release-linux-x86_64, r-release-macos-arm64, r-release-macos-x86_64, r-release-windows-x86_64

Version: 1.0.2
Check: dependencies in R code
Result: NOTE Namespace in Imports field not imported from: ‘dplyr’ All declared Imports should be used. Flavors: r-devel-linux-x86_64-fedora-clang, r-devel-linux-x86_64-fedora-gcc, r-oldrel-macos-arm64