CRAN Package Check Results for Package rbridge

Last updated on 2020-10-25 15:48:55 CET.

Flavor Version Tinstall Tcheck Ttotal Status Flags
r-devel-linux-x86_64-debian-clang 1.0.2 42.76 69.94 112.70 OK
r-devel-linux-x86_64-debian-gcc 1.0.2 32.68 53.55 86.23 OK
r-devel-linux-x86_64-fedora-clang 1.0.2 155.20 NOTE
r-devel-linux-x86_64-fedora-gcc 1.0.2 150.02 NOTE
r-devel-windows-ix86+x86_64 1.0.2 98.00 132.00 230.00 OK
r-patched-linux-x86_64 1.0.2 42.24 65.27 107.51 OK
r-patched-solaris-x86 1.0.2 171.90 NOTE
r-release-linux-x86_64 1.0.2 42.58 64.01 106.59 OK
r-release-macos-x86_64 1.0.2 NOTE
r-release-windows-ix86+x86_64 1.0.2 79.00 99.00 178.00 OK
r-oldrel-macos-x86_64 1.0.2 NOTE
r-oldrel-windows-ix86+x86_64 1.0.2 89.00 94.00 183.00 OK

Check Details

Version: 1.0.2
Check: dependencies in R code
Result: NOTE
    Namespace in Imports field not imported from: ‘dplyr’
     All declared Imports should be used.
Flavors: r-devel-linux-x86_64-fedora-clang, r-devel-linux-x86_64-fedora-gcc, r-patched-solaris-x86, r-release-macos-x86_64, r-oldrel-macos-x86_64