CRAN Package Check Results for Package rbokeh

Last updated on 2020-08-14 03:47:55 CEST.

Flavor Version Tinstall Tcheck Ttotal Status Flags
r-devel-linux-x86_64-debian-clang 0.5.1 13.13 109.07 122.20 OK
r-devel-linux-x86_64-debian-gcc 0.5.1 10.47 80.94 91.41 OK
r-devel-linux-x86_64-fedora-clang 0.5.1 151.76 NOTE
r-devel-linux-x86_64-fedora-gcc 0.5.1 139.88 NOTE
r-devel-windows-ix86+x86_64 0.5.1 48.00 170.00 218.00 OK
r-patched-linux-x86_64 0.5.1 13.40 104.45 117.85 OK
r-patched-solaris-x86 0.5.1 200.80 NOTE
r-release-linux-x86_64 0.5.1 13.31 106.32 119.63 OK
r-release-macos-x86_64 0.5.1 NOTE
r-release-windows-ix86+x86_64 0.5.1 45.00 123.00 168.00 OK
r-oldrel-macos-x86_64 0.5.1 NOTE
r-oldrel-windows-ix86+x86_64 0.5.1 20.00 182.00 202.00 OK

Check Details

Version: 0.5.1
Check: dependencies in R code
Result: NOTE
    Namespace in Imports field not imported from: ‘ggplot2’
     All declared Imports should be used.
Flavors: r-devel-linux-x86_64-fedora-clang, r-devel-linux-x86_64-fedora-gcc, r-patched-solaris-x86, r-release-macos-x86_64, r-oldrel-macos-x86_64