CRAN Package Check Results for Package rbedrock

Last updated on 2024-06-13 16:49:22 CEST.

Flavor Version Tinstall Tcheck Ttotal Status Flags
r-devel-linux-x86_64-debian-clang 0.3.2 75.17 75.40 150.57 NOTE
r-devel-linux-x86_64-debian-gcc 0.3.2 0.58 1.57 2.15 ERROR
r-devel-linux-x86_64-fedora-clang 0.3.2 256.74 NOTE
r-devel-linux-x86_64-fedora-gcc 0.3.2 220.02 NOTE
r-devel-windows-x86_64 0.3.2 80.00 101.00 181.00 NOTE
r-patched-linux-x86_64 0.3.2 75.58 70.16 145.74 OK
r-release-linux-x86_64 0.3.2 66.86 69.85 136.71 OK
r-release-macos-arm64 0.3.2 61.00 NOTE
r-release-macos-x86_64 0.3.2 94.00 NOTE
r-release-windows-x86_64 0.3.2 91.00 103.00 194.00 OK
r-oldrel-macos-arm64 0.3.2 67.00 NOTE
r-oldrel-macos-x86_64 0.3.2 105.00 NOTE
r-oldrel-windows-x86_64 0.3.2 101.00 117.00 218.00 OK

Check Details

Version: 0.3.2
Check: compiled code
Result: NOTE File ‘rbedrock/libs/rbedrock.so’: Found non-API call to R: ‘IS_SCALAR’ Compiled code should not call non-API entry points in R. See ‘Writing portable packages’ in the ‘Writing R Extensions’ manual. Flavors: r-devel-linux-x86_64-debian-clang, r-devel-linux-x86_64-fedora-clang, r-devel-linux-x86_64-fedora-gcc

Version: 0.3.2
Check: package dependencies
Result: ERROR Packages required but not available: 'tibble', 'stringr', 'dplyr', 'purrr', 'readr', 'vctrs', 'tidyr' Package suggested but not available for checking: ‘testthat’ See section ‘The DESCRIPTION file’ in the ‘Writing R Extensions’ manual. Flavor: r-devel-linux-x86_64-debian-gcc

Version: 0.3.2
Check: for GNU extensions in Makefiles
Result: NOTE GNU make is a SystemRequirements. Flavors: r-devel-linux-x86_64-fedora-clang, r-devel-linux-x86_64-fedora-gcc, r-release-macos-arm64, r-release-macos-x86_64, r-oldrel-macos-arm64, r-oldrel-macos-x86_64

Version: 0.3.2
Check: compiled code
Result: NOTE File 'rbedrock/libs/x64/rbedrock.dll': Found non-API call to R: 'IS_SCALAR' Compiled code should not call non-API entry points in R. See 'Writing portable packages' in the 'Writing R Extensions' manual. Flavor: r-devel-windows-x86_64

Version: 0.3.2
Check: installed package size
Result: NOTE installed size is 5.4Mb sub-directories of 1Mb or more: extdata 1.1Mb libs 3.8Mb Flavors: r-release-macos-arm64, r-release-macos-x86_64, r-oldrel-macos-arm64, r-oldrel-macos-x86_64