Last updated on 2023-12-04 05:09:17 CET.
Flavor | Version | Tinstall | Tcheck | Ttotal | Status | Flags |
---|---|---|---|---|---|---|
r-devel-linux-x86_64-debian-clang | 0.3.1 | 75.83 | 71.94 | 147.77 | WARN | |
r-devel-linux-x86_64-debian-gcc | 0.3.2 | 58.95 | 56.44 | 115.39 | OK | |
r-devel-linux-x86_64-fedora-clang | 0.3.2 | 254.03 | NOTE | |||
r-devel-linux-x86_64-fedora-gcc | 0.3.2 | 217.08 | NOTE | |||
r-devel-windows-x86_64 | 0.3.2 | 69.00 | 99.00 | 168.00 | OK | |
r-patched-linux-x86_64 | 0.3.1 | 50.97 | 69.19 | 120.16 | OK | |
r-release-linux-x86_64 | 0.3.2 | 51.47 | 69.67 | 121.14 | OK | |
r-release-macos-arm64 | 0.3.2 | 67.00 | NOTE | |||
r-release-macos-x86_64 | 0.3.2 | 105.00 | NOTE | |||
r-release-windows-x86_64 | 0.3.2 | 71.00 | 118.00 | 189.00 | OK | |
r-oldrel-macos-arm64 | 0.3.2 | 59.00 | NOTE | |||
r-oldrel-macos-x86_64 | 0.3.1 | 81.00 | NOTE | |||
r-oldrel-windows-x86_64 | 0.3.1 | 59.00 | 99.00 | 158.00 | OK |
Version: 0.3.1
Check: whether package can be installed
Result: WARN
Found the following significant warnings:
bedrock_leveldb.c:598:56: warning: format specifies type 'int' but the argument has type 'size_t' (aka 'unsigned long') [-Wformat]
bedrock_leveldb.c:658:67: warning: format specifies type 'int' but the argument has type 'size_t' (aka 'unsigned long') [-Wformat]
bedrock_leveldb.c:987:15: warning: format string is not a string literal (potentially insecure) [-Wformat-security]
random.c:119:92: warning: format specifies type 'int' but the argument has type 'unsigned long' [-Wformat]
See ‘/home/hornik/tmp/R.check/r-devel-clang/Work/PKGS/rbedrock.Rcheck/00install.out’ for details.
* used C compiler: ‘Debian clang version 17.0.5 (1)’
* used C++ compiler: ‘Debian clang version 17.0.5 (1)’
Flavor: r-devel-linux-x86_64-debian-clang
Version: 0.3.2
Check: for GNU extensions in Makefiles
Result: NOTE
GNU make is a SystemRequirements.
Flavors: r-devel-linux-x86_64-fedora-clang, r-devel-linux-x86_64-fedora-gcc, r-release-macos-arm64, r-release-macos-x86_64, r-oldrel-macos-arm64
Version: 0.3.2
Check: installed package size
Result: NOTE
installed size is 5.4Mb
sub-directories of 1Mb or more:
extdata 1.1Mb
libs 3.8Mb
Flavors: r-release-macos-arm64, r-release-macos-x86_64, r-oldrel-macos-arm64
Version: 0.3.1
Check: installed package size
Result: NOTE
installed size is 5.5Mb
sub-directories of 1Mb or more:
extdata 1.1Mb
libs 4.0Mb
Flavor: r-oldrel-macos-x86_64
Version: 0.3.1
Check: for GNU extensions in Makefiles
Result: NOTE
GNU make is a SystemRequirements.
Flavor: r-oldrel-macos-x86_64