CRAN Package Check Results for Package rayrender

Last updated on 2024-02-29 04:54:24 CET.

Flavor Version Tinstall Tcheck Ttotal Status Flags
r-devel-linux-x86_64-debian-clang 0.32.2 495.48 100.61 596.09 OK
r-devel-linux-x86_64-debian-gcc 0.32.2 401.18 76.13 477.31 OK
r-devel-linux-x86_64-fedora-clang 0.32.2 902.11 OK
r-devel-linux-x86_64-fedora-gcc 0.32.2 969.69 OK
r-devel-windows-x86_64 0.31.2 397.00 129.00 526.00 OK
r-patched-linux-x86_64 0.32.2 366.15 97.89 464.04 OK
r-release-linux-x86_64 0.32.2 416.54 97.47 514.01 OK
r-release-macos-arm64 0.32.2 158.00 NOTE
r-release-macos-x86_64 0.32.2 164.00 NOTE
r-release-windows-x86_64 0.32.2 499.00 167.00 666.00 OK
r-oldrel-macos-arm64 0.32.2 153.00 NOTE
r-oldrel-windows-x86_64 0.32.2 484.00 135.00 619.00 OK

Check Details

Version: 0.32.2
Check: installed package size
Result: NOTE installed size is 21.5Mb sub-directories of 1Mb or more: libs 20.8Mb Flavors: r-release-macos-arm64, r-release-macos-x86_64, r-oldrel-macos-arm64