CRAN Package Check Results for Package rawKS

Last updated on 2020-08-13 15:51:16 CEST.

Flavor Version Tinstall Tcheck Ttotal Status Flags
r-devel-linux-x86_64-debian-clang 0.1.0 0.41 2.73 3.14 ERROR
r-devel-linux-x86_64-debian-gcc 0.1.0 3.88 32.77 36.65 OK
r-devel-linux-x86_64-fedora-clang 0.1.0 65.08 OK
r-devel-linux-x86_64-fedora-gcc 0.1.0 54.65 OK
r-devel-windows-ix86+x86_64 0.1.0 26.00 72.00 98.00 OK
r-patched-linux-x86_64 0.1.0 4.93 41.11 46.04 OK
r-patched-solaris-x86 0.1.0 84.40 OK
r-release-linux-x86_64 0.1.0 4.73 42.59 47.32 OK
r-release-macos-x86_64 0.1.0 OK
r-release-windows-ix86+x86_64 0.1.0 19.00 55.00 74.00 OK
r-oldrel-macos-x86_64 0.1.0 OK
r-oldrel-windows-ix86+x86_64 0.1.0 9.00 61.00 70.00 OK

Check Details

Version: 0.1.0
Check: package dependencies
Result: ERROR
    Package required but not available: 'tidyr'
    
    See section 'The DESCRIPTION file' in the 'Writing R Extensions'
    manual.
Flavor: r-devel-linux-x86_64-debian-clang