CRAN Package Check Results for Package rattle

Last updated on 2020-08-06 04:48:15 CEST.

Flavor Version Tinstall Tcheck Ttotal Status Flags
r-devel-linux-x86_64-debian-clang 5.4.0 21.46 97.99 119.45 NOTE
r-devel-linux-x86_64-debian-gcc 5.4.0 21.37 72.21 93.58 NOTE
r-devel-linux-x86_64-fedora-clang 5.4.0 150.90 NOTE
r-devel-linux-x86_64-fedora-gcc 5.4.0 139.88 NOTE
r-devel-windows-ix86+x86_64 5.4.0 48.00 137.00 185.00 NOTE
r-patched-linux-x86_64 5.4.0 22.15 95.54 117.69 NOTE
r-patched-solaris-x86 5.4.0 182.10 NOTE
r-release-linux-x86_64 5.4.0 24.78 95.81 120.59 NOTE
r-release-macos-x86_64 5.4.0 NOTE
r-release-windows-ix86+x86_64 5.4.0 46.00 96.00 142.00 NOTE
r-oldrel-macos-x86_64 5.4.0 NOTE
r-oldrel-windows-ix86+x86_64 5.4.0 30.00 90.00 120.00 NOTE

Check Details

Version: 5.4.0
Check: package dependencies
Result: NOTE
    Package suggested but not available for checking: 'rggobi'
Flavors: r-devel-linux-x86_64-debian-clang, r-devel-linux-x86_64-debian-gcc, r-devel-linux-x86_64-fedora-clang, r-devel-linux-x86_64-fedora-gcc, r-patched-linux-x86_64, r-patched-solaris-x86, r-release-linux-x86_64, r-release-macos-x86_64, r-oldrel-macos-x86_64

Version: 5.4.0
Check: installed package size
Result: NOTE
     installed size is 8.5Mb
     sub-directories of 1Mb or more:
     data 3.6Mb
     etc 1.9Mb
     po 1.2Mb
Flavors: r-devel-linux-x86_64-fedora-clang, r-devel-windows-ix86+x86_64, r-patched-solaris-x86, r-release-macos-x86_64, r-release-windows-ix86+x86_64, r-oldrel-macos-x86_64, r-oldrel-windows-ix86+x86_64

Version: 5.4.0
Check: dependencies in R code
Result: NOTE
    No protocol specified
    
    (R:23424): Gtk-WARNING **: gtk_disable_setlocale() must be called before gtk_init()
    No protocol specified
Flavor: r-oldrel-macos-x86_64