CRAN Package Check Results for Package rapidjsonr

Last updated on 2024-04-18 16:50:05 CEST.

Flavor Version Tinstall Tcheck Ttotal Status Flags
r-devel-linux-x86_64-debian-clang 1.2.0 1.55 18.96 20.51 NOTE
r-devel-linux-x86_64-debian-gcc 1.2.0 1.17 14.94 16.11 NOTE
r-devel-linux-x86_64-fedora-clang 1.2.0 26.43 NOTE
r-devel-linux-x86_64-fedora-gcc 1.2.0 25.07 NOTE
r-prerel-macos-arm64 1.2.0 13.00 NOTE
r-prerel-windows-x86_64 1.2.0 2.00 33.00 35.00 NOTE
r-patched-linux-x86_64 1.2.0 1.73 18.26 19.99 NOTE
r-release-linux-x86_64 1.2.0 1.50 18.86 20.36 NOTE
r-release-macos-arm64 1.2.0 15.00 NOTE
r-release-macos-x86_64 1.2.0 19.00 NOTE
r-release-windows-x86_64 1.2.0 5.00 32.00 37.00 NOTE
r-oldrel-macos-arm64 1.2.0 12.00 NOTE
r-oldrel-windows-x86_64 1.2.0 8.00 41.00 49.00 NOTE

Check Details

Version: 1.2.0
Check: LazyData
Result: NOTE 'LazyData' is specified without a 'data' directory Flavors: r-devel-linux-x86_64-debian-clang, r-devel-linux-x86_64-debian-gcc, r-devel-linux-x86_64-fedora-clang, r-devel-linux-x86_64-fedora-gcc, r-prerel-macos-arm64, r-prerel-windows-x86_64, r-patched-linux-x86_64, r-release-linux-x86_64, r-release-macos-arm64, r-release-macos-x86_64, r-release-windows-x86_64, r-oldrel-macos-arm64, r-oldrel-windows-x86_64