Last updated on 2023-12-07 04:56:34 CET.
Flavor | Version | Tinstall | Tcheck | Ttotal | Status | Flags |
---|---|---|---|---|---|---|
r-devel-linux-x86_64-debian-clang | 1.1-3 | 10.92 | 89.48 | 100.40 | NOTE | |
r-devel-linux-x86_64-debian-gcc | 1.1-3 | 11.10 | 67.67 | 78.77 | NOTE | |
r-devel-linux-x86_64-fedora-clang | 1.1-3 | 127.25 | OK | |||
r-devel-linux-x86_64-fedora-gcc | 1.1-3 | 132.38 | OK | |||
r-devel-windows-x86_64 | 1.1-3 | 16.00 | 88.00 | 104.00 | OK | |
r-patched-linux-x86_64 | 1.1-3 | 13.36 | 85.93 | 99.29 | OK | |
r-release-linux-x86_64 | 1.1-3 | 10.33 | 86.24 | 96.57 | OK | |
r-release-macos-arm64 | 1.1-3 | 45.00 | OK | |||
r-release-macos-x86_64 | 1.1-3 | 107.00 | OK | |||
r-release-windows-x86_64 | 1.1-3 | 18.00 | 103.00 | 121.00 | OK | |
r-oldrel-macos-arm64 | 1.1-3 | 38.00 | OK | |||
r-oldrel-macos-x86_64 | 1.1-3 | 57.00 | OK | |||
r-oldrel-windows-x86_64 | 1.1-3 | 18.00 | 110.00 | 128.00 | OK |
Version: 1.1-3
Check: Rd files
Result: NOTE
checkRd: (-1) outcomeProbs.Rd:18: Lost braces
18 | \item{scale}{either "prob" where probabilities are returned, the default, or "raw" where the probabilities are returned on the logit or probit scale, depending on which scale was selected in the texttt{randomLCA} function}
| ^
Flavors: r-devel-linux-x86_64-debian-clang, r-devel-linux-x86_64-debian-gcc