CRAN Package Check Results for Package randomForestSRC

Last updated on 2020-08-14 03:47:55 CEST.

Flavor Version Tinstall Tcheck Ttotal Status Flags
r-devel-linux-x86_64-debian-clang 2.9.3 47.41 88.63 136.04 NOTE
r-devel-linux-x86_64-debian-gcc 2.9.3 33.85 65.56 99.41 OK
r-devel-linux-x86_64-fedora-clang 2.9.3 160.68 OK
r-devel-linux-x86_64-fedora-gcc 2.9.3 152.79 OK
r-devel-windows-ix86+x86_64 2.9.3 80.00 125.00 205.00 OK
r-patched-linux-x86_64 2.9.3 42.96 88.45 131.41 OK
r-patched-solaris-x86 2.9.3 189.40 OK
r-release-linux-x86_64 2.9.3 43.01 87.68 130.69 OK
r-release-macos-x86_64 2.9.3 OK
r-release-windows-ix86+x86_64 2.9.3 55.00 100.00 155.00 OK
r-oldrel-macos-x86_64 2.9.3 OK
r-oldrel-windows-ix86+x86_64 2.9.3 59.00 92.00 151.00 OK

Check Details

Version: 2.9.3
Check: package dependencies
Result: NOTE
    Package suggested but not available for checking: 'caret'
Flavor: r-devel-linux-x86_64-debian-clang