CRAN Package Check Results for Package rameritrade

Last updated on 2024-02-24 16:48:30 CET.

Flavor Version Tinstall Tcheck Ttotal Status Flags
r-devel-linux-x86_64-debian-clang 0.1.5 2.92 26.00 28.92 NOTE
r-devel-linux-x86_64-debian-gcc 0.1.5 2.23 20.21 22.44 NOTE
r-devel-linux-x86_64-fedora-clang 0.1.5 35.82 NOTE
r-devel-linux-x86_64-fedora-gcc 0.1.5 34.18 NOTE
r-devel-windows-x86_64 0.1.5 4.00 44.00 48.00 NOTE
r-patched-linux-x86_64 0.1.5 3.46 25.50 28.96 NOTE
r-release-linux-x86_64 0.1.5 2.51 25.51 28.02 NOTE
r-release-macos-arm64 0.1.5 17.00 NOTE
r-release-macos-x86_64 0.1.5 21.00 NOTE
r-release-windows-x86_64 0.1.5 5.00 45.00 50.00 NOTE
r-oldrel-macos-arm64 0.1.5 17.00 NOTE
r-oldrel-windows-x86_64 0.1.5 4.00 48.00 52.00 NOTE

Check Details

Version: 0.1.5
Check: LazyData
Result: NOTE 'LazyData' is specified without a 'data' directory Flavors: r-devel-linux-x86_64-debian-clang, r-devel-linux-x86_64-debian-gcc, r-devel-linux-x86_64-fedora-clang, r-devel-linux-x86_64-fedora-gcc, r-devel-windows-x86_64, r-patched-linux-x86_64, r-release-linux-x86_64, r-release-macos-arm64, r-release-macos-x86_64, r-release-windows-x86_64, r-oldrel-macos-arm64, r-oldrel-windows-x86_64