CRAN Package Check Results for Package rags2ridges

Last updated on 2020-08-04 03:48:01 CEST.

Flavor Version Tinstall Tcheck Ttotal Status Flags
r-devel-linux-x86_64-debian-clang 2.2.2 62.80 216.37 279.17 OK
r-devel-linux-x86_64-debian-gcc 2.2.2 50.06 157.56 207.62 OK
r-devel-linux-x86_64-fedora-clang 2.2.2 348.11 NOTE
r-devel-linux-x86_64-fedora-gcc 2.2.2 332.19 OK
r-devel-windows-ix86+x86_64 2.2.2 167.00 326.00 493.00 OK
r-patched-linux-x86_64 2.2.2 43.24 208.57 251.81 OK
r-patched-solaris-x86 2.2.2 419.70 OK
r-release-linux-x86_64 2.2.2 44.70 211.38 256.08 OK
r-release-macos-x86_64 2.2.2 NOTE
r-release-windows-ix86+x86_64 2.2.2 163.00 462.00 625.00 OK
r-oldrel-macos-x86_64 2.2.2 NOTE
r-oldrel-windows-ix86+x86_64 2.2.2 98.00 354.00 452.00 OK

Check Details

Version: 2.2.2
Check: installed package size
Result: NOTE
     installed size is 5.8Mb
     sub-directories of 1Mb or more:
     libs 4.7Mb
Flavors: r-devel-linux-x86_64-fedora-clang, r-release-macos-x86_64, r-oldrel-macos-x86_64

Version: 2.2.2
Check: package dependencies
Result: NOTE
    Package suggested but not available for checking: ‘KEGGgraph’
Flavor: r-release-macos-x86_64