CRAN Package Check Results for Package radiant.multivariate

Last updated on 2020-08-10 06:47:38 CEST.

Flavor Version Tinstall Tcheck Ttotal Status Flags
r-devel-linux-x86_64-debian-clang 1.3.5 21.56 155.48 177.04 OK
r-devel-linux-x86_64-debian-gcc 1.3.5 16.59 117.51 134.10 OK
r-devel-linux-x86_64-fedora-clang 1.3.5 213.05 OK
r-devel-linux-x86_64-fedora-gcc 1.3.5 199.27 OK
r-devel-windows-ix86+x86_64 1.3.5 47.00 267.00 314.00 OK
r-patched-linux-x86_64 1.3.5 16.94 148.63 165.57 OK
r-patched-solaris-x86 1.3.5 303.10 NOTE
r-release-linux-x86_64 1.3.5 18.58 149.76 168.34 OK
r-release-macos-x86_64 1.3.5 OK
r-release-windows-ix86+x86_64 1.3.5 61.00 235.00 296.00 OK
r-oldrel-macos-x86_64 1.3.5 OK
r-oldrel-windows-ix86+x86_64 1.3.5 35.00 166.00 201.00 OK

Check Details

Version: 1.3.5
Check: installed package size
Result: NOTE
     installed size is 6.3Mb
     sub-directories of 1Mb or more:
     app 6.0Mb
Flavor: r-patched-solaris-x86