CRAN Package Check Results for Package radiant.model

Last updated on 2020-08-08 03:50:50 CEST.

Flavor Version Tinstall Tcheck Ttotal Status Flags
r-devel-linux-x86_64-debian-clang 1.3.10 26.47 214.03 240.50 ERROR
r-devel-linux-x86_64-debian-gcc 1.3.10 23.50 166.83 190.33 ERROR
r-devel-linux-x86_64-fedora-clang 1.3.10 315.46 ERROR
r-devel-linux-x86_64-fedora-gcc 1.3.10 296.86 ERROR
r-devel-windows-ix86+x86_64 1.3.10 61.00 291.00 352.00 ERROR
r-patched-linux-x86_64 1.3.10 20.98 205.50 226.48 ERROR
r-patched-solaris-x86 1.3.10 393.00 ERROR
r-release-linux-x86_64 1.3.10 20.65 209.84 230.49 ERROR
r-release-macos-x86_64 1.3.10 OK
r-release-windows-ix86+x86_64 1.3.10 55.00 217.00 272.00 ERROR
r-oldrel-macos-x86_64 1.3.10 OK
r-oldrel-windows-ix86+x86_64 1.3.10 48.00 196.00 244.00 ERROR

Additional issues

noLD

Check Details

Version: 1.3.10
Check: tests
Result: ERROR
     Running 'testthat.R' [9s/10s]
    Running the tests in 'tests/testthat.R' failed.
    Complete output:
     > ## use shift-cmd-t to run all tests
     > library(testthat)
     > test_check("radiant.model")
     Loading required package: radiant.model
     Loading required package: radiant.data
     Loading required package: magrittr
    
     Attaching package: 'magrittr'
    
     The following objects are masked from 'package:testthat':
    
     equals, is_less_than, not
    
     Loading required package: ggplot2
     Loading required package: lubridate
    
     Attaching package: 'lubridate'
    
     The following objects are masked from 'package:base':
    
     date, intersect, setdiff, union
    
     Loading required package: tidyr
    
     Attaching package: 'tidyr'
    
     The following object is masked from 'package:magrittr':
    
     extract
    
     The following object is masked from 'package:testthat':
    
     matches
    
     Loading required package: dplyr
    
     Attaching package: 'dplyr'
    
     The following object is masked from 'package:testthat':
    
     matches
    
     The following objects are masked from 'package:stats':
    
     filter, lag
    
     The following objects are masked from 'package:base':
    
     intersect, setdiff, setequal, union
    
    
     Attaching package: 'radiant.data'
    
     The following objects are masked from 'package:lubridate':
    
     month, wday
    
     The following object is masked from 'package:ggplot2':
    
     diamonds
    
     The following object is masked from 'package:testthat':
    
     describe
    
     The following object is masked from 'package:base':
    
     date
    
     carat 8438.030 51.101 165.125 < .001 ***
     -- 1. Failure: regress (@test_stats.R#23) -------------------------------------
     `res1` not equal to `res2`.
     2/24 mismatches
     x[22]: "F-statistic: 3530.024 df(7,2991), p.value < .001"
     y[22]: "F-statistic: 3530.024 df(8,2991), p.value < .001"
    
     x[23]: "Nr obs: 2,999"
     y[23]: "Nr obs: 3,000"
    
     SI1 9 114304.420 104924.680 123684.159 9379.739
     sex|male 0.080 -92.0% -2.522 0.163 -15.447 < .001 ***
     2nd female 0.779 0.712 0.833
     1st female 0.896 0.856 0.926
     1st female 29.000 0.919 0.880 0.945
     == testthat results ===========================================================
     [ OK: 24 | SKIPPED: 0 | WARNINGS: 0 | FAILED: 1 ]
     1. Failure: regress (@test_stats.R#23)
    
     Error: testthat unit tests failed
     Execution halted
Flavor: r-devel-linux-x86_64-debian-clang

Version: 1.3.10
Check: tests
Result: ERROR
     Running ‘testthat.R’ [7s/10s]
    Running the tests in ‘tests/testthat.R’ failed.
    Complete output:
     > ## use shift-cmd-t to run all tests
     > library(testthat)
     > test_check("radiant.model")
     Loading required package: radiant.model
     Loading required package: radiant.data
     Loading required package: magrittr
    
     Attaching package: 'magrittr'
    
     The following objects are masked from 'package:testthat':
    
     equals, is_less_than, not
    
     Loading required package: ggplot2
     Loading required package: lubridate
    
     Attaching package: 'lubridate'
    
     The following objects are masked from 'package:base':
    
     date, intersect, setdiff, union
    
     Loading required package: tidyr
    
     Attaching package: 'tidyr'
    
     The following object is masked from 'package:magrittr':
    
     extract
    
     The following object is masked from 'package:testthat':
    
     matches
    
     Loading required package: dplyr
    
     Attaching package: 'dplyr'
    
     The following object is masked from 'package:testthat':
    
     matches
    
     The following objects are masked from 'package:stats':
    
     filter, lag
    
     The following objects are masked from 'package:base':
    
     intersect, setdiff, setequal, union
    
    
     Attaching package: 'radiant.data'
    
     The following objects are masked from 'package:lubridate':
    
     month, wday
    
     The following object is masked from 'package:ggplot2':
    
     diamonds
    
     The following object is masked from 'package:testthat':
    
     describe
    
     The following object is masked from 'package:base':
    
     date
    
     carat 8438.030 51.101 165.125 < .001 ***
     ── 1. Failure: regress (@test_stats.R#23) ─────────────────────────────────────
     `res1` not equal to `res2`.
     2/24 mismatches
     x[22]: "F-statistic: 3530.024 df(7,2991), p.value < .001"
     y[22]: "F-statistic: 3530.024 df(8,2991), p.value < .001"
    
     x[23]: "Nr obs: 2,999"
     y[23]: "Nr obs: 3,000"
    
     SI1 9 114304.420 104924.680 123684.159 9379.739
     sex|male 0.080 -92.0% -2.522 0.163 -15.447 < .001 ***
     2nd female 0.779 0.712 0.833
     1st female 0.896 0.856 0.926
     1st female 29.000 0.919 0.880 0.945
     ══ testthat results ═══════════════════════════════════════════════════════════
     [ OK: 24 | SKIPPED: 0 | WARNINGS: 0 | FAILED: 1 ]
     1. Failure: regress (@test_stats.R#23)
    
     Error: testthat unit tests failed
     Execution halted
Flavor: r-devel-linux-x86_64-debian-gcc

Version: 1.3.10
Check: package dependencies
Result: NOTE
    Imports includes 26 non-default packages.
    Importing from so many packages makes the package vulnerable to any of
    them becoming unavailable. Move as many as possible to Suggests and
    use conditionally.
Flavor: r-devel-linux-x86_64-fedora-clang

Version: 1.3.10
Check: tests
Result: ERROR
     Running ‘testthat.R’
    Running the tests in ‘tests/testthat.R’ failed.
    Complete output:
     > ## use shift-cmd-t to run all tests
     > library(testthat)
     > test_check("radiant.model")
     Loading required package: radiant.model
     Loading required package: radiant.data
     Loading required package: magrittr
    
     Attaching package: 'magrittr'
    
     The following objects are masked from 'package:testthat':
    
     equals, is_less_than, not
    
     Loading required package: ggplot2
     Loading required package: lubridate
    
     Attaching package: 'lubridate'
    
     The following objects are masked from 'package:base':
    
     date, intersect, setdiff, union
    
     Loading required package: tidyr
    
     Attaching package: 'tidyr'
    
     The following object is masked from 'package:magrittr':
    
     extract
    
     The following object is masked from 'package:testthat':
    
     matches
    
     Loading required package: dplyr
    
     Attaching package: 'dplyr'
    
     The following object is masked from 'package:testthat':
    
     matches
    
     The following objects are masked from 'package:stats':
    
     filter, lag
    
     The following objects are masked from 'package:base':
    
     intersect, setdiff, setequal, union
    
    
     Attaching package: 'radiant.data'
    
     The following objects are masked from 'package:lubridate':
    
     month, wday
    
     The following object is masked from 'package:ggplot2':
    
     diamonds
    
     The following object is masked from 'package:testthat':
    
     describe
    
     The following object is masked from 'package:base':
    
     date
    
     carat 8438.030 51.101 165.125 < .001 ***
     ── 1. Failure: regress (@test_stats.R#23) ─────────────────────────────────────
     `res1` not equal to `res2`.
     2/24 mismatches
     x[22]: "F-statistic: 3530.024 df(7,2991), p.value < .001"
     y[22]: "F-statistic: 3530.024 df(8,2991), p.value < .001"
    
     x[23]: "Nr obs: 2,999"
     y[23]: "Nr obs: 3,000"
    
     SI1 9 114304.420 104924.680 123684.159 9379.739
     sex|male 0.080 -92.0% -2.522 0.163 -15.447 < .001 ***
     2nd female 0.779 0.712 0.833
     1st female 0.896 0.856 0.926
     1st female 29.000 0.919 0.880 0.945
     ══ testthat results ═══════════════════════════════════════════════════════════
     [ OK: 24 | SKIPPED: 0 | WARNINGS: 0 | FAILED: 1 ]
     1. Failure: regress (@test_stats.R#23)
    
     Error: testthat unit tests failed
     Execution halted
Flavors: r-devel-linux-x86_64-fedora-clang, r-devel-linux-x86_64-fedora-gcc

Version: 1.3.10
Check: tests
Result: ERROR
     Running 'testthat.R' [13s]
    Running the tests in 'tests/testthat.R' failed.
    Complete output:
     > ## use shift-cmd-t to run all tests
     > library(testthat)
     > test_check("radiant.model")
     Loading required package: radiant.model
     Loading required package: radiant.data
     Loading required package: magrittr
    
     Attaching package: 'magrittr'
    
     The following objects are masked from 'package:testthat':
    
     equals, is_less_than, not
    
     Loading required package: ggplot2
     Loading required package: lubridate
    
     Attaching package: 'lubridate'
    
     The following objects are masked from 'package:base':
    
     date, intersect, setdiff, union
    
     Loading required package: tidyr
    
     Attaching package: 'tidyr'
    
     The following object is masked from 'package:magrittr':
    
     extract
    
     The following object is masked from 'package:testthat':
    
     matches
    
     Loading required package: dplyr
    
     Attaching package: 'dplyr'
    
     The following object is masked from 'package:testthat':
    
     matches
    
     The following objects are masked from 'package:stats':
    
     filter, lag
    
     The following objects are masked from 'package:base':
    
     intersect, setdiff, setequal, union
    
    
     Attaching package: 'radiant.data'
    
     The following objects are masked from 'package:lubridate':
    
     month, wday
    
     The following object is masked from 'package:ggplot2':
    
     diamonds
    
     The following object is masked from 'package:testthat':
    
     describe
    
     The following object is masked from 'package:base':
    
     date
    
     carat 8438.030 51.101 165.125 < .001 ***
     -- 1. Failure: regress (@test_stats.R#23) -------------------------------------
     `res1` not equal to `res2`.
     2/24 mismatches
     x[22]: "F-statistic: 3530.024 df(7,2991), p.value < .001"
     y[22]: "F-statistic: 3530.024 df(8,2991), p.value < .001"
    
     x[23]: "Nr obs: 2,999"
     y[23]: "Nr obs: 3,000"
    
     SI1 9 114304.420 104924.680 123684.159 9379.739
     sex|male 0.080 -92.0% -2.522 0.163 -15.447 < .001 ***
     2nd female 0.779 0.712 0.833
     1st female 0.896 0.856 0.926
     1st female 29.000 0.919 0.880 0.945
     == testthat results ===========================================================
     [ OK: 24 | SKIPPED: 0 | WARNINGS: 0 | FAILED: 1 ]
     1. Failure: regress (@test_stats.R#23)
    
     Error: testthat unit tests failed
     Execution halted
Flavor: r-devel-windows-ix86+x86_64

Version: 1.3.10
Check: tests
Result: ERROR
     Running ‘testthat.R’ [9s/10s]
    Running the tests in ‘tests/testthat.R’ failed.
    Complete output:
     > ## use shift-cmd-t to run all tests
     > library(testthat)
     > test_check("radiant.model")
     Loading required package: radiant.model
     Loading required package: radiant.data
     Loading required package: magrittr
    
     Attaching package: 'magrittr'
    
     The following objects are masked from 'package:testthat':
    
     equals, is_less_than, not
    
     Loading required package: ggplot2
     Loading required package: lubridate
    
     Attaching package: 'lubridate'
    
     The following objects are masked from 'package:base':
    
     date, intersect, setdiff, union
    
     Loading required package: tidyr
    
     Attaching package: 'tidyr'
    
     The following object is masked from 'package:magrittr':
    
     extract
    
     The following object is masked from 'package:testthat':
    
     matches
    
     Loading required package: dplyr
    
     Attaching package: 'dplyr'
    
     The following object is masked from 'package:testthat':
    
     matches
    
     The following objects are masked from 'package:stats':
    
     filter, lag
    
     The following objects are masked from 'package:base':
    
     intersect, setdiff, setequal, union
    
    
     Attaching package: 'radiant.data'
    
     The following objects are masked from 'package:lubridate':
    
     month, wday
    
     The following object is masked from 'package:ggplot2':
    
     diamonds
    
     The following object is masked from 'package:testthat':
    
     describe
    
     The following object is masked from 'package:base':
    
     date
    
     carat 8438.030 51.101 165.125 < .001 ***
     ── 1. Failure: regress (@test_stats.R#23) ─────────────────────────────────────
     `res1` not equal to `res2`.
     2/24 mismatches
     x[22]: "F-statistic: 3530.024 df(7,2991), p.value < .001"
     y[22]: "F-statistic: 3530.024 df(8,2991), p.value < .001"
    
     x[23]: "Nr obs: 2,999"
     y[23]: "Nr obs: 3,000"
    
     SI1 9 114304.420 104924.680 123684.159 9379.739
     sex|male 0.080 -92.0% -2.522 0.163 -15.447 < .001 ***
     2nd female 0.779 0.712 0.833
     1st female 0.896 0.856 0.926
     1st female 29.000 0.919 0.880 0.945
     ══ testthat results ═══════════════════════════════════════════════════════════
     [ OK: 24 | SKIPPED: 0 | WARNINGS: 0 | FAILED: 1 ]
     1. Failure: regress (@test_stats.R#23)
    
     Error: testthat unit tests failed
     Execution halted
Flavors: r-patched-linux-x86_64, r-release-linux-x86_64

Version: 1.3.10
Check: tests
Result: ERROR
     Running ‘testthat.R’ [16s/20s]
    Running the tests in ‘tests/testthat.R’ failed.
    Complete output:
     > ## use shift-cmd-t to run all tests
     > library(testthat)
     > test_check("radiant.model")
     Loading required package: radiant.model
     Loading required package: radiant.data
     Loading required package: magrittr
    
     Attaching package: 'magrittr'
    
     The following objects are masked from 'package:testthat':
    
     equals, is_less_than, not
    
     Loading required package: ggplot2
     Loading required package: lubridate
    
     Attaching package: 'lubridate'
    
     The following objects are masked from 'package:base':
    
     date, intersect, setdiff, union
    
     Loading required package: tidyr
    
     Attaching package: 'tidyr'
    
     The following object is masked from 'package:magrittr':
    
     extract
    
     The following object is masked from 'package:testthat':
    
     matches
    
     Loading required package: dplyr
    
     Attaching package: 'dplyr'
    
     The following object is masked from 'package:testthat':
    
     matches
    
     The following objects are masked from 'package:stats':
    
     filter, lag
    
     The following objects are masked from 'package:base':
    
     intersect, setdiff, setequal, union
    
    
     Attaching package: 'radiant.data'
    
     The following objects are masked from 'package:lubridate':
    
     month, wday
    
     The following object is masked from 'package:ggplot2':
    
     diamonds
    
     The following object is masked from 'package:testthat':
    
     describe
    
     The following object is masked from 'package:base':
    
     date
    
     carat 8438.030 51.101 165.125 < .001 ***
     ── 1. Failure: regress (@test_stats.R#23) ─────────────────────────────────────
     `res1` not equal to `res2`.
     2/24 mismatches
     x[22]: "F-statistic: 3530.024 df(7,2991), p.value < .001"
     y[22]: "F-statistic: 3530.024 df(8,2991), p.value < .001"
    
     x[23]: "Nr obs: 2,999"
     y[23]: "Nr obs: 3,000"
    
     SI1 9 114304.420 104924.680 123684.159 9379.739
     sex|male 0.080 -92.0% -2.522 0.163 -15.447 < .001 ***
     2nd female 0.779 0.712 0.833
     1st female 0.896 0.856 0.926
     1st female 29.000 0.919 0.880 0.945
     ══ testthat results ═══════════════════════════════════════════════════════════
     [ OK: 24 | SKIPPED: 0 | WARNINGS: 0 | FAILED: 1 ]
     1. Failure: regress (@test_stats.R#23)
    
     Error: testthat unit tests failed
     Execution halted
Flavor: r-patched-solaris-x86

Version: 1.3.10
Check: tests
Result: ERROR
     Running 'testthat.R' [9s]
    Running the tests in 'tests/testthat.R' failed.
    Complete output:
     > ## use shift-cmd-t to run all tests
     > library(testthat)
     > test_check("radiant.model")
     Loading required package: radiant.model
     Loading required package: radiant.data
     Loading required package: magrittr
    
     Attaching package: 'magrittr'
    
     The following objects are masked from 'package:testthat':
    
     equals, is_less_than, not
    
     Loading required package: ggplot2
     Loading required package: lubridate
    
     Attaching package: 'lubridate'
    
     The following objects are masked from 'package:base':
    
     date, intersect, setdiff, union
    
     Loading required package: tidyr
    
     Attaching package: 'tidyr'
    
     The following object is masked from 'package:magrittr':
    
     extract
    
     The following object is masked from 'package:testthat':
    
     matches
    
     Loading required package: dplyr
    
     Attaching package: 'dplyr'
    
     The following object is masked from 'package:testthat':
    
     matches
    
     The following objects are masked from 'package:stats':
    
     filter, lag
    
     The following objects are masked from 'package:base':
    
     intersect, setdiff, setequal, union
    
    
     Attaching package: 'radiant.data'
    
     The following objects are masked from 'package:lubridate':
    
     month, wday
    
     The following object is masked from 'package:ggplot2':
    
     diamonds
    
     The following object is masked from 'package:testthat':
    
     describe
    
     The following object is masked from 'package:base':
    
     date
    
     carat 8438.030 51.101 165.125 < .001 ***
     -- 1. Failure: regress (@test_stats.R#23) -------------------------------------
     `res1` not equal to `res2`.
     2/24 mismatches
     x[22]: "F-statistic: 3530.024 df(7,2991), p.value < .001"
     y[22]: "F-statistic: 3530.024 df(8,2991), p.value < .001"
    
     x[23]: "Nr obs: 2,999"
     y[23]: "Nr obs: 3,000"
    
     SI1 9 114304.420 104924.680 123684.159 9379.739
     sex|male 0.080 -92.0% -2.522 0.163 -15.447 < .001 ***
     2nd female 0.779 0.712 0.833
     1st female 0.896 0.856 0.926
     1st female 29.000 0.919 0.880 0.945
     == testthat results ===========================================================
     [ OK: 24 | SKIPPED: 0 | WARNINGS: 0 | FAILED: 1 ]
     1. Failure: regress (@test_stats.R#23)
    
     Error: testthat unit tests failed
     Execution halted
Flavor: r-release-windows-ix86+x86_64

Version: 1.3.10
Check: tests
Result: ERROR
     Running 'testthat.R' [7s]
    Running the tests in 'tests/testthat.R' failed.
    Complete output:
     > ## use shift-cmd-t to run all tests
     > library(testthat)
     > test_check("radiant.model")
     Loading required package: radiant.model
     Loading required package: radiant.data
     Loading required package: magrittr
    
     Attaching package: 'magrittr'
    
     The following objects are masked from 'package:testthat':
    
     equals, is_less_than, not
    
     Loading required package: ggplot2
     Loading required package: lubridate
    
     Attaching package: 'lubridate'
    
     The following objects are masked from 'package:base':
    
     date, intersect, setdiff, union
    
     Loading required package: tidyr
    
     Attaching package: 'tidyr'
    
     The following object is masked from 'package:magrittr':
    
     extract
    
     The following object is masked from 'package:testthat':
    
     matches
    
     Loading required package: dplyr
    
     Attaching package: 'dplyr'
    
     The following object is masked from 'package:testthat':
    
     matches
    
     The following objects are masked from 'package:stats':
    
     filter, lag
    
     The following objects are masked from 'package:base':
    
     intersect, setdiff, setequal, union
    
    
     Attaching package: 'radiant.data'
    
     The following objects are masked from 'package:lubridate':
    
     month, wday
    
     The following object is masked from 'package:ggplot2':
    
     diamonds
    
     The following object is masked from 'package:testthat':
    
     describe
    
     The following object is masked from 'package:base':
    
     date
    
     carat 8438.030 51.101 165.125 < .001 ***
     -- 1. Failure: regress (@test_stats.R#23) -------------------------------------
     `res1` not equal to `res2`.
     2/24 mismatches
     x[22]: "F-statistic: 3530.024 df(7,2991), p.value < .001"
     y[22]: "F-statistic: 3530.024 df(8,2991), p.value < .001"
    
     x[23]: "Nr obs: 2,999"
     y[23]: "Nr obs: 3,000"
    
     SI1 9 114304.420 104924.680 123684.159 9379.739
     sex|male 0.080 -92.0% -2.522 0.163 -15.447 < .001 ***
     2nd female 0.779 0.712 0.833
     1st female 0.896 0.856 0.926
     1st female 29.000 0.919 0.880 0.945
     == testthat results ===========================================================
     [ OK: 24 | SKIPPED: 0 | WARNINGS: 0 | FAILED: 1 ]
     1. Failure: regress (@test_stats.R#23)
    
     Error: testthat unit tests failed
     Execution halted
Flavor: r-oldrel-windows-ix86+x86_64