CRAN Package Check Results for Package raceland

Last updated on 2023-12-03 16:51:51 CET.

Flavor Version Tinstall Tcheck Ttotal Status Flags
r-devel-linux-x86_64-debian-clang 1.2.1 95.51 146.43 241.94 OK
r-devel-linux-x86_64-debian-gcc 1.2.1 59.03 110.27 169.30 OK
r-devel-linux-x86_64-fedora-clang 1.2.1 345.05 NOTE
r-devel-linux-x86_64-fedora-gcc 1.2.1 350.29 NOTE
r-devel-windows-x86_64 1.2.1 67.00 139.00 206.00 OK
r-patched-linux-x86_64 1.2.1 76.02 140.02 216.04 OK
r-release-linux-x86_64 1.2.1 75.69 138.39 214.08 OK
r-release-macos-arm64 1.2.1 86.00 OK
r-release-macos-x86_64 1.2.1 131.00 OK
r-release-windows-x86_64 1.2.1 87.00 176.00 263.00 OK
r-oldrel-macos-arm64 1.2.1 73.00 OK
r-oldrel-macos-x86_64 1.2.1 97.00 OK
r-oldrel-windows-x86_64 1.2.1 79.00 173.00 252.00 OK

Check Details

Version: 1.2.1
Check: dependencies in R code
Result: NOTE Namespace in Imports field not imported from: ‘comat’ All declared Imports should be used. Flavors: r-devel-linux-x86_64-fedora-clang, r-devel-linux-x86_64-fedora-gcc