CRAN Package Check Results for Package rUnemploymentData

Last updated on 2020-08-11 15:48:49 CEST.

Flavor Version Tinstall Tcheck Ttotal Status Flags
r-devel-linux-x86_64-debian-clang 1.1.0 14.56 129.70 144.26 OK
r-devel-linux-x86_64-debian-gcc 1.1.0 0.26 1.75 2.01 ERROR
r-devel-linux-x86_64-fedora-clang 1.1.0 182.50 OK
r-devel-linux-x86_64-fedora-gcc 1.1.0 175.51 OK
r-devel-windows-ix86+x86_64 1.1.0 52.00 236.00 288.00 OK
r-patched-linux-x86_64 1.1.0 15.58 122.39 137.97 OK
r-patched-solaris-x86 1.1.0 279.10 OK
r-release-linux-x86_64 1.1.0 0.32 2.47 2.79 ERROR
r-release-macos-x86_64 1.1.0 OK
r-release-windows-ix86+x86_64 1.1.0 57.00 167.00 224.00 OK
r-oldrel-macos-x86_64 1.1.0 OK
r-oldrel-windows-ix86+x86_64 1.1.0 46.00 159.00 205.00 OK

Check Details

Version: 1.1.0
Check: package dependencies
Result: ERROR
    Package required but not available: ‘choroplethr’
    
    See section ‘The DESCRIPTION file’ in the ‘Writing R Extensions’
    manual.
Flavors: r-devel-linux-x86_64-debian-gcc, r-release-linux-x86_64