CRAN Package Check Results for Package rPref

Last updated on 2020-08-04 03:48:03 CEST.

Flavor Version Tinstall Tcheck Ttotal Status Flags
r-devel-linux-x86_64-debian-clang 1.3 79.35 59.03 138.38 NOTE
r-devel-linux-x86_64-debian-gcc 1.3 55.41 44.09 99.50 NOTE
r-devel-linux-x86_64-fedora-clang 1.3 191.95 NOTE
r-devel-linux-x86_64-fedora-gcc 1.3 189.44 NOTE
r-devel-windows-ix86+x86_64 1.3 206.00 100.00 306.00 NOTE
r-patched-linux-x86_64 1.3 57.69 56.94 114.63 NOTE
r-patched-solaris-x86 1.3 179.10 NOTE
r-release-linux-x86_64 1.3 61.09 57.48 118.57 NOTE
r-release-macos-x86_64 1.3 NOTE
r-release-windows-ix86+x86_64 1.3 219.00 116.00 335.00 NOTE
r-oldrel-macos-x86_64 1.3 NOTE
r-oldrel-windows-ix86+x86_64 1.3 125.00 86.00 211.00 NOTE

Check Details

Version: 1.3
Check: for GNU extensions in Makefiles
Result: NOTE
    GNU make is a SystemRequirements.
Flavors: r-devel-linux-x86_64-debian-clang, r-devel-linux-x86_64-debian-gcc, r-devel-linux-x86_64-fedora-clang, r-devel-linux-x86_64-fedora-gcc, r-devel-windows-ix86+x86_64, r-patched-linux-x86_64, r-patched-solaris-x86, r-release-linux-x86_64, r-release-macos-x86_64, r-release-windows-ix86+x86_64, r-oldrel-macos-x86_64, r-oldrel-windows-ix86+x86_64

Version: 1.3
Check: package dependencies
Result: NOTE
    Packages suggested but not available for checking: 'graph', 'Rgraphviz'
Flavor: r-oldrel-macos-x86_64