CRAN Package Check Results for Package rKOMICS

Last updated on 2024-02-23 16:53:28 CET.

Flavor Version Tinstall Tcheck Ttotal Status Flags
r-devel-linux-x86_64-debian-clang 1.3 OK
r-devel-linux-x86_64-debian-gcc 1.3 17.31 204.91 222.22 OK
r-devel-linux-x86_64-fedora-clang 1.3 370.09 NOTE
r-devel-linux-x86_64-fedora-gcc 1.3 373.82 OK
r-devel-windows-x86_64 1.3 40.00 207.00 247.00 NOTE
r-patched-linux-x86_64 1.3 22.19 268.57 290.76 OK
r-release-linux-x86_64 1.3 20.49 263.39 283.88 OK
r-release-macos-arm64 1.3 86.00 NOTE
r-release-macos-x86_64 1.3 147.00 NOTE
r-release-windows-x86_64 1.3 50.00 253.00 303.00 NOTE
r-oldrel-macos-arm64 1.3 85.00 NOTE
r-oldrel-windows-x86_64 1.3 52.00 266.00 318.00 NOTE

Check Details

Version: 1.3
Check: installed package size
Result: NOTE installed size is 24.8Mb sub-directories of 1Mb or more: extdata 24.0Mb Flavors: r-devel-linux-x86_64-fedora-clang, r-devel-windows-x86_64, r-release-macos-arm64, r-release-macos-x86_64, r-release-windows-x86_64, r-oldrel-macos-arm64, r-oldrel-windows-x86_64