CRAN Package Check Results for Package rIsing

Last updated on 2020-08-06 15:49:43 CEST.

Flavor Version Tinstall Tcheck Ttotal Status Flags
r-devel-linux-x86_64-debian-clang 0.1.0 41.99 27.77 69.76 OK
r-devel-linux-x86_64-debian-gcc 0.1.0 28.59 22.53 51.12 OK
r-devel-linux-x86_64-fedora-clang 0.1.0 97.13 NOTE
r-devel-linux-x86_64-fedora-gcc 0.1.0 82.78 NOTE
r-devel-windows-ix86+x86_64 0.1.0 90.00 65.00 155.00 OK
r-patched-linux-x86_64 0.1.0 32.67 27.97 60.64 OK
r-patched-solaris-x86 0.1.0 86.60 OK
r-release-linux-x86_64 0.1.0 33.53 27.94 61.47 OK
r-release-macos-x86_64 0.1.0 NOTE
r-release-windows-ix86+x86_64 0.1.0 85.00 79.00 164.00 OK
r-oldrel-macos-x86_64 0.1.0 NOTE
r-oldrel-windows-ix86+x86_64 0.1.0 57.00 58.00 115.00 OK

Check Details

Version: 0.1.0
Check: installed package size
Result: NOTE
     installed size is 11.9Mb
     sub-directories of 1Mb or more:
     libs 11.8Mb
Flavors: r-devel-linux-x86_64-fedora-clang, r-release-macos-x86_64, r-oldrel-macos-x86_64

Version: 0.1.0
Check: compiled code
Result: NOTE
    File ‘rIsing/libs/rIsing.so’:
     Found no calls to: ‘R_registerRoutines’, ‘R_useDynamicSymbols’
    
    It is good practice to register native routines and to disable symbol
    search.
    
    See ‘Writing portable packages’ in the ‘Writing R Extensions’ manual.
Flavors: r-devel-linux-x86_64-fedora-clang, r-devel-linux-x86_64-fedora-gcc