CRAN Package Check Results for Package rFSA

Last updated on 2023-12-08 16:54:20 CET.

Flavor Version Tinstall Tcheck Ttotal Status Flags
r-devel-linux-x86_64-debian-clang 0.9.6 7.57 66.73 74.30 NOTE
r-devel-linux-x86_64-debian-gcc 0.9.6 6.17 49.90 56.07 NOTE
r-devel-linux-x86_64-fedora-clang 0.9.6 92.65 NOTE
r-devel-linux-x86_64-fedora-gcc 0.9.6 87.14 NOTE
r-devel-windows-x86_64 0.9.6 7.00 69.00 76.00 NOTE
r-patched-linux-x86_64 0.9.6 6.15 64.35 70.50 NOTE
r-release-linux-x86_64 0.9.6 4.72 63.24 67.96 NOTE
r-release-macos-arm64 0.9.6 30.00 NOTE
r-release-macos-x86_64 0.9.6 47.00 NOTE
r-release-windows-x86_64 0.9.6 9.00 79.00 88.00 NOTE
r-oldrel-macos-arm64 0.9.6 25.00 NOTE
r-oldrel-macos-x86_64 0.9.6 50.00 NOTE
r-oldrel-windows-x86_64 0.9.6 10.00 77.00 87.00 NOTE

Check Details

Version: 0.9.6
Check: LazyData
Result: NOTE 'LazyData' is specified without a 'data' directory Flavors: r-devel-linux-x86_64-debian-clang, r-devel-linux-x86_64-debian-gcc, r-devel-linux-x86_64-fedora-clang, r-devel-linux-x86_64-fedora-gcc, r-devel-windows-x86_64, r-patched-linux-x86_64, r-release-linux-x86_64, r-release-macos-arm64, r-release-macos-x86_64, r-release-windows-x86_64, r-oldrel-macos-arm64, r-oldrel-macos-x86_64, r-oldrel-windows-x86_64