Last updated on 2023-11-29 04:57:33 CET.
Flavor | Version | Tinstall | Tcheck | Ttotal | Status | Flags |
---|---|---|---|---|---|---|
r-devel-linux-x86_64-debian-clang | 0.54.1 | 13.35 | 78.34 | 91.69 | NOTE | |
r-devel-linux-x86_64-debian-gcc | 0.54.1 | 8.78 | 59.11 | 67.89 | NOTE | |
r-devel-linux-x86_64-fedora-clang | 0.54.1 | 120.67 | NOTE | |||
r-devel-linux-x86_64-fedora-gcc | 0.54.1 | 113.47 | NOTE | |||
r-devel-windows-x86_64 | 0.54.1 | 10.00 | 83.00 | 93.00 | NOTE | |
r-patched-linux-x86_64 | 0.54.1 | 12.23 | 74.26 | 86.49 | NOTE | |
r-release-linux-x86_64 | 0.54.1 | 12.08 | 75.38 | 87.46 | NOTE | |
r-release-macos-arm64 | 0.54.1 | 11.00 | ERROR | |||
r-release-macos-x86_64 | 0.54.1 | 10.00 | ERROR | |||
r-release-windows-x86_64 | 0.54.1 | 15.00 | 97.00 | 112.00 | NOTE | |
r-oldrel-macos-arm64 | 0.54.1 | 35.00 | OK | |||
r-oldrel-macos-x86_64 | 0.54.1 | 64.00 | OK | |||
r-oldrel-windows-x86_64 | 0.54.1 | 14.00 | 93.00 | 107.00 | OK |
Version: 0.54.1
Check: package subdirectories
Result: NOTE
Problems with news in ‘NEWS.md’:
No news entries found.
Flavors: r-devel-linux-x86_64-debian-clang, r-devel-linux-x86_64-debian-gcc, r-devel-linux-x86_64-fedora-clang, r-devel-linux-x86_64-fedora-gcc, r-devel-windows-x86_64, r-patched-linux-x86_64, r-release-linux-x86_64, r-release-windows-x86_64
Version: 0.54.1
Check: package dependencies
Result: ERROR
Package required but not available: ‘rhdf5’
See section ‘The DESCRIPTION file’ in the ‘Writing R Extensions’
manual.
Flavors: r-release-macos-arm64, r-release-macos-x86_64