CRAN Package Check Results for Package rAmCharts4

Last updated on 2024-02-26 04:49:36 CET.

Flavor Version Tinstall Tcheck Ttotal Status Flags
r-devel-linux-x86_64-debian-clang 1.6.0 11.03 81.24 92.27 OK
r-devel-linux-x86_64-debian-gcc 1.6.0 9.18 62.53 71.71 OK
r-devel-linux-x86_64-fedora-clang 1.6.0 111.88 NOTE
r-devel-linux-x86_64-fedora-gcc 1.6.0 106.58 OK
r-devel-windows-x86_64 1.6.0 12.00 85.00 97.00 NOTE
r-patched-linux-x86_64 1.6.0 10.55 80.17 90.72 OK
r-release-linux-x86_64 1.6.0 7.45 80.89 88.34 OK
r-release-macos-arm64 1.6.0 35.00 NOTE
r-release-macos-x86_64 1.6.0 53.00 NOTE
r-release-windows-x86_64 1.6.0 15.00 98.00 113.00 NOTE
r-oldrel-macos-arm64 1.6.0 34.00 NOTE
r-oldrel-windows-x86_64 1.6.0 17.00 92.00 109.00 NOTE

Check Details

Version: 1.6.0
Check: installed package size
Result: NOTE installed size is 11.5Mb sub-directories of 1Mb or more: htmlwidgets 10.0Mb super-tiny-icons 1.0Mb Flavors: r-devel-linux-x86_64-fedora-clang, r-devel-windows-x86_64, r-release-macos-arm64, r-release-macos-x86_64, r-release-windows-x86_64, r-oldrel-macos-arm64, r-oldrel-windows-x86_64