CRAN Package Check Results for Package rAmCharts

Last updated on 2024-02-29 04:54:24 CET.

Flavor Version Tinstall Tcheck Ttotal Status Flags
r-devel-linux-x86_64-debian-clang 2.1.15 16.54 153.79 170.33 NOTE
r-devel-linux-x86_64-debian-gcc 2.1.15 13.17 124.77 137.94 NOTE
r-devel-linux-x86_64-fedora-clang 2.1.15 244.42 NOTE
r-devel-linux-x86_64-fedora-gcc 2.1.15 207.82 NOTE
r-devel-windows-x86_64 2.1.15 19.00 143.00 162.00 NOTE
r-patched-linux-x86_64 2.1.15 19.76 163.34 183.10 OK
r-release-linux-x86_64 2.1.15 15.02 182.75 197.77 OK
r-release-macos-arm64 2.1.15 76.00 NOTE
r-release-macos-x86_64 2.1.15 116.00 NOTE
r-release-windows-x86_64 2.1.15 26.00 200.00 226.00 NOTE
r-oldrel-macos-arm64 2.1.15 56.00 NOTE
r-oldrel-windows-x86_64 2.1.15 28.00 156.00 184.00 NOTE

Check Details

Version: 2.1.15
Check: Rd files
Result: NOTE checkRd: (-1) DataSet-class.Rd:25: Lost braces; missing escapes or markup? 25 | Example: {fromField:"val1", toField:"value"}.} | ^ checkRd: (-1) amTimeSeries.Rd:119: Lost braces in \itemize; meant \describe ? checkRd: (-1) amTimeSeries.Rd:120: Lost braces in \itemize; meant \describe ? checkRd: (-1) amTimeSeries.Rd:121: Lost braces in \itemize; meant \describe ? checkRd: (-1) amTimeSeries.Rd:122: Lost braces in \itemize; meant \describe ? checkRd: (-1) getCurrentStockData.Rd:56: Lost braces in \itemize; meant \describe ? checkRd: (-1) getCurrentStockData.Rd:57: Lost braces in \itemize; meant \describe ? checkRd: (-1) getTransformTS.Rd:59: Lost braces in \itemize; meant \describe ? checkRd: (-1) getTransformTS.Rd:60: Lost braces in \itemize; meant \describe ? checkRd: (-1) rAmCharts-shinymodules-ts.Rd:114: Lost braces in \itemize; meant \describe ? checkRd: (-1) rAmCharts-shinymodules-ts.Rd:115: Lost braces in \itemize; meant \describe ? checkRd: (-1) rAmCharts-shinymodules-ts.Rd:155: Lost braces in \itemize; meant \describe ? checkRd: (-1) rAmCharts-shinymodules-ts.Rd:156: Lost braces in \itemize; meant \describe ? checkRd: (-1) rAmCharts-shinymodules-ts.Rd:157: Lost braces in \itemize; meant \describe ? checkRd: (-1) rAmCharts-shinymodules-ts.Rd:158: Lost braces in \itemize; meant \describe ? checkRd: (-1) rAmCharts-shinymodules.Rd:34: Lost braces in \itemize; meant \describe ? checkRd: (-1) rAmCharts-shinymodules.Rd:35: Lost braces in \itemize; meant \describe ? checkRd: (-1) rAmCharts-shinymodules.Rd:36: Lost braces in \itemize; meant \describe ? checkRd: (-1) rAmCharts-shinymodules.Rd:37: Lost braces in \itemize; meant \describe ? checkRd: (-1) rAmCharts-shinymodules.Rd:38: Lost braces in \itemize; meant \describe ? Flavors: r-devel-linux-x86_64-debian-clang, r-devel-linux-x86_64-debian-gcc, r-devel-linux-x86_64-fedora-clang, r-devel-linux-x86_64-fedora-gcc

Version: 2.1.15
Check: installed package size
Result: NOTE installed size is 12.2Mb sub-directories of 1Mb or more: api 3.2Mb htmlwidgets 7.2Mb Flavors: r-devel-linux-x86_64-fedora-clang, r-devel-windows-x86_64, r-release-macos-arm64, r-release-macos-x86_64, r-release-windows-x86_64, r-oldrel-macos-arm64, r-oldrel-windows-x86_64