CRAN Package Check Results for Package r2rtf

Last updated on 2020-08-11 15:48:46 CEST.

Flavor Version Tinstall Tcheck Ttotal Status Flags
r-devel-linux-x86_64-debian-clang 0.1.1 3.48 28.82 32.30 OK
r-devel-linux-x86_64-debian-gcc 0.1.1 3.00 22.16 25.16 NOTE
r-devel-linux-x86_64-fedora-clang 0.1.1 47.04 OK
r-devel-linux-x86_64-fedora-gcc 0.1.1 37.12 OK
r-devel-windows-ix86+x86_64 0.1.1 11.00 63.00 74.00 OK
r-patched-linux-x86_64 0.1.1 3.71 28.50 32.21 OK
r-patched-solaris-x86 0.1.1 56.20 OK
r-release-linux-x86_64 0.1.1 3.38 28.17 31.55 NOTE
r-release-macos-x86_64 0.1.1 OK
r-release-windows-ix86+x86_64 0.1.1 11.00 51.00 62.00 OK
r-oldrel-macos-x86_64 0.1.1 OK
r-oldrel-windows-ix86+x86_64 0.1.1 5.00 39.00 44.00 OK

Check Details

Version: 0.1.1
Check: package dependencies
Result: NOTE
    Package suggested but not available for checking: ‘tidyverse’
Flavors: r-devel-linux-x86_64-debian-gcc, r-release-linux-x86_64