CRAN Package Check Results for Package r2glmm

Last updated on 2024-02-25 04:51:15 CET.

Flavor Version Tinstall Tcheck Ttotal Status Flags
r-devel-linux-x86_64-debian-clang 0.1.2 3.47 44.06 47.53 NOTE
r-devel-linux-x86_64-debian-gcc 0.1.2 2.89 33.06 35.95 NOTE
r-devel-linux-x86_64-fedora-clang 0.1.2 58.14 NOTE
r-devel-linux-x86_64-fedora-gcc 0.1.2 56.15 NOTE
r-devel-windows-x86_64 0.1.2 5.00 56.00 61.00 NOTE
r-patched-linux-x86_64 0.1.2 13.70 43.88 57.58 NOTE
r-release-linux-x86_64 0.1.2 2.53 43.90 46.43 NOTE
r-release-macos-arm64 0.1.2 23.00 NOTE
r-release-macos-x86_64 0.1.2 33.00 NOTE
r-release-windows-x86_64 0.1.2 5.00 57.00 62.00 NOTE
r-oldrel-macos-arm64 0.1.2 21.00 NOTE
r-oldrel-windows-x86_64 0.1.2 6.00 64.00 70.00 NOTE

Check Details

Version: 0.1.2
Check: LazyData
Result: NOTE 'LazyData' is specified without a 'data' directory Flavors: r-devel-linux-x86_64-debian-clang, r-devel-linux-x86_64-debian-gcc, r-devel-linux-x86_64-fedora-clang, r-devel-linux-x86_64-fedora-gcc, r-devel-windows-x86_64, r-patched-linux-x86_64, r-release-linux-x86_64, r-release-macos-arm64, r-release-macos-x86_64, r-release-windows-x86_64, r-oldrel-macos-arm64, r-oldrel-windows-x86_64

Version: 0.1.2
Check: dependencies in R code
Result: NOTE Namespaces in Imports field not imported from: ‘data.table’ ‘dplyr’ ‘lmerTest’ All declared Imports should be used. Flavors: r-devel-linux-x86_64-fedora-clang, r-devel-linux-x86_64-fedora-gcc, r-oldrel-macos-arm64