Last updated on 2023-12-04 05:09:17 CET.
Flavor | Version | Tinstall | Tcheck | Ttotal | Status | Flags |
---|---|---|---|---|---|---|
r-devel-linux-x86_64-debian-clang | 1.0.2 | 14.33 | 152.51 | 166.84 | NOTE | |
r-devel-linux-x86_64-debian-gcc | 1.0.2 | 8.57 | 106.99 | 115.56 | NOTE | |
r-devel-linux-x86_64-fedora-clang | 1.0.2 | 200.18 | NOTE | |||
r-devel-linux-x86_64-fedora-gcc | 1.0.2 | 198.47 | NOTE | |||
r-devel-windows-x86_64 | 1.0.2 | 11.00 | 124.00 | 135.00 | NOTE | |
r-patched-linux-x86_64 | 1.0.2 | 14.77 | 137.85 | 152.62 | NOTE | |
r-release-linux-x86_64 | 1.0.2 | 12.24 | 137.65 | 149.89 | NOTE | |
r-release-macos-arm64 | 1.0.2 | 61.00 | NOTE | |||
r-release-macos-x86_64 | 1.0.2 | 155.00 | NOTE | |||
r-release-windows-x86_64 | 1.0.2 | 13.00 | 150.00 | 163.00 | NOTE | |
r-oldrel-macos-arm64 | 1.0.2 | 53.00 | NOTE | |||
r-oldrel-macos-x86_64 | 1.0.2 | 76.00 | NOTE | |||
r-oldrel-windows-x86_64 | 1.0.2 | 16.00 | 145.00 | 161.00 | NOTE |
Version: 1.0.2
Check: package dependencies
Result: NOTE
Package suggested but not available for checking: ‘fastshp’
Flavors: r-devel-linux-x86_64-debian-clang, r-devel-linux-x86_64-debian-gcc, r-devel-linux-x86_64-fedora-clang, r-devel-linux-x86_64-fedora-gcc, r-devel-windows-x86_64, r-patched-linux-x86_64, r-release-linux-x86_64, r-release-macos-arm64, r-release-macos-x86_64, r-release-windows-x86_64, r-oldrel-macos-arm64, r-oldrel-macos-x86_64, r-oldrel-windows-x86_64