CRAN Package Check Results for Package questionr

Last updated on 2020-08-10 06:47:37 CEST.

Flavor Version Tinstall Tcheck Ttotal Status Flags
r-devel-linux-x86_64-debian-clang 0.7.1 9.38 64.51 73.89 OK
r-devel-linux-x86_64-debian-gcc 0.7.1 6.90 49.62 56.52 OK
r-devel-linux-x86_64-fedora-clang 0.7.1 95.29 NOTE
r-devel-linux-x86_64-fedora-gcc 0.7.1 86.00 NOTE
r-devel-windows-ix86+x86_64 0.7.1 19.00 123.00 142.00 OK
r-patched-linux-x86_64 0.7.1 8.98 63.49 72.47 OK
r-patched-solaris-x86 0.7.1 120.60 NOTE
r-release-linux-x86_64 0.7.1 8.25 63.54 71.79 OK
r-release-macos-x86_64 0.7.1 NOTE
r-release-windows-ix86+x86_64 0.7.1 25.00 106.00 131.00 OK
r-oldrel-macos-x86_64 0.7.1 NOTE
r-oldrel-windows-ix86+x86_64 0.7.1 16.00 82.00 98.00 OK

Check Details

Version: 0.7.1
Check: dependencies in R code
Result: NOTE
    Namespace in Imports field not imported from: ‘haven’
     All declared Imports should be used.
Flavors: r-devel-linux-x86_64-fedora-clang, r-devel-linux-x86_64-fedora-gcc, r-patched-solaris-x86, r-release-macos-x86_64, r-oldrel-macos-x86_64

Version: 0.7.1
Check: Rd cross-references
Result: NOTE
    Undeclared package ‘Hmisc’ in Rd xrefs
Flavor: r-devel-linux-x86_64-fedora-clang

Version: 0.7.1
Check: data for non-ASCII characters
Result: NOTE
     Note: found 4145 marked UTF-8 strings
Flavors: r-devel-linux-x86_64-fedora-clang, r-devel-linux-x86_64-fedora-gcc, r-patched-solaris-x86, r-release-macos-x86_64, r-oldrel-macos-x86_64