Last updated on 2023-12-04 05:09:17 CET.
Flavor | Version | Tinstall | Tcheck | Ttotal | Status | Flags |
---|---|---|---|---|---|---|
r-devel-linux-x86_64-debian-clang | 1.0.0 | 7.35 | 30.18 | 37.53 | NOTE | |
r-devel-linux-x86_64-debian-gcc | 1.0.0 | 6.04 | 23.50 | 29.54 | NOTE | |
r-devel-linux-x86_64-fedora-clang | 1.0.0 | 47.22 | OK | |||
r-devel-linux-x86_64-fedora-gcc | 1.0.0 | 45.64 | OK | |||
r-devel-windows-x86_64 | 1.0.0 | 8.00 | 47.00 | 55.00 | OK | |
r-patched-linux-x86_64 | 1.0.0 | 6.83 | 29.87 | 36.70 | OK | |
r-release-linux-x86_64 | 1.0.0 | 6.62 | 29.31 | 35.93 | OK | |
r-release-macos-arm64 | 1.0.0 | 21.00 | OK | |||
r-release-macos-x86_64 | 1.0.0 | 30.00 | OK | |||
r-release-windows-x86_64 | 1.0.0 | 8.00 | 47.00 | 55.00 | OK | |
r-oldrel-macos-arm64 | 1.0.0 | 28.00 | OK | |||
r-oldrel-macos-x86_64 | 1.0.0 | 27.00 | OK | |||
r-oldrel-windows-x86_64 | 1.0.0 | 10.00 | 49.00 | 59.00 | OK |
Version: 1.0.0
Check: Rd files
Result: NOTE
checkRd: (-1) quarries.Rd:17-19: Lost braces in \itemize; meant \describe ?
checkRd: (-1) quarries.Rd:20-22: Lost braces in \itemize; meant \describe ?
checkRd: (-1) quarries.Rd:23-25: Lost braces in \itemize; meant \describe ?
checkRd: (-1) quarries.Rd:26-28: Lost braces in \itemize; meant \describe ?
Flavors: r-devel-linux-x86_64-debian-clang, r-devel-linux-x86_64-debian-gcc